Last updated on 2025-05-03 01:51:18 CEST.
Flavor | Version | Tinstall | Tcheck | Ttotal | Status | Flags |
---|---|---|---|---|---|---|
r-devel-linux-x86_64-debian-clang | 2.9.2 | 52.65 | 203.26 | 255.91 | OK | |
r-devel-linux-x86_64-debian-gcc | 2.9.2 | 38.29 | 146.67 | 184.96 | OK | |
r-devel-linux-x86_64-fedora-clang | 2.9.2 | 456.33 | OK | |||
r-devel-linux-x86_64-fedora-gcc | 2.9.2 | 437.68 | OK | |||
r-devel-windows-x86_64 | 2.9.2 | 63.00 | 405.00 | 468.00 | OK | |
r-patched-linux-x86_64 | 2.9.2 | 55.39 | 200.32 | 255.71 | OK | |
r-release-linux-x86_64 | OK | |||||
r-release-macos-arm64 | 2.9.2 | 162.00 | OK | |||
r-release-macos-x86_64 | 2.9.2 | 230.00 | OK | |||
r-release-windows-x86_64 | 2.9.2 | 64.00 | 226.00 | 290.00 | OK | |
r-oldrel-macos-arm64 | 2.9.2 | 118.00 | NOTE | |||
r-oldrel-macos-x86_64 | 2.9.2 | 284.00 | NOTE | |||
r-oldrel-windows-x86_64 | 2.9.2 | 70.00 | 305.00 | 375.00 | NOTE |
Version: 2.9.2
Check: package dependencies
Result: NOTE
Package suggested but not available for checking: ‘TreeDistData’
Flavors: r-oldrel-macos-arm64, r-oldrel-macos-x86_64, r-oldrel-windows-x86_64
Version: 2.9.2
Check: installed package size
Result: NOTE
installed size is 9.0Mb
sub-directories of 1Mb or more:
doc 4.9Mb
libs 3.4Mb
Flavors: r-oldrel-macos-arm64, r-oldrel-macos-x86_64, r-oldrel-windows-x86_64