CRAN Package Check Results for Package VarRedOpt

Last updated on 2025-04-29 01:49:51 CEST.

Flavor Version Tinstall Tcheck Ttotal Status Flags
r-devel-linux-x86_64-debian-clang 0.1.0 1.86 26.62 28.48 OK
r-devel-linux-x86_64-debian-gcc 0.1.0 1.55 21.13 22.68 NOTE
r-devel-linux-x86_64-fedora-clang 0.1.0 44.77 OK
r-devel-linux-x86_64-fedora-gcc 0.1.0 47.60 OK
r-devel-windows-x86_64 0.1.0 3.00 50.00 53.00 OK
r-patched-linux-x86_64 0.1.0 2.03 26.95 28.98 OK
r-release-linux-x86_64 0.1.0 1.63 25.35 26.98 OK
r-release-macos-arm64 0.1.0 20.00 OK
r-release-macos-x86_64 0.1.0 33.00 OK
r-release-windows-x86_64 0.1.0 4.00 53.00 57.00 OK
r-oldrel-macos-arm64 0.1.0 18.00 NOTE
r-oldrel-macos-x86_64 0.1.0 27.00 NOTE
r-oldrel-windows-x86_64 0.1.0 3.00 56.00 59.00 NOTE

Check Details

Version: 0.1.0
Check: examples
Result: NOTE Examples with CPU (user + system) or elapsed time > 5s user system elapsed sim.InnerCV 3.794 0.709 6.02 Flavor: r-devel-linux-x86_64-debian-gcc

Version: 0.1.0
Check: LazyData
Result: NOTE 'LazyData' is specified without a 'data' directory Flavors: r-oldrel-macos-arm64, r-oldrel-macos-x86_64, r-oldrel-windows-x86_64