CRAN Package Check Results for Package WOTPLY

Last updated on 2025-05-01 01:49:51 CEST.

Flavor Version Tinstall Tcheck Ttotal Status Flags
r-devel-linux-x86_64-debian-clang 0.1.0 1.59 22.79 24.38 OK
r-devel-linux-x86_64-debian-gcc 0.1.0 1.68 18.69 20.37 OK
r-devel-linux-x86_64-fedora-clang 0.1.0 39.57 NOTE
r-devel-linux-x86_64-fedora-gcc 0.1.0 61.06 NOTE
r-devel-windows-x86_64 0.1.0 4.00 46.00 50.00 OK
r-patched-linux-x86_64 0.1.0 2.09 21.84 23.93 OK
r-release-linux-x86_64 0.1.0 1.90 21.72 23.62 OK
r-release-macos-arm64 0.1.0 25.00 OK
r-release-macos-x86_64 0.1.0 43.00 OK
r-release-windows-x86_64 0.1.0 4.00 49.00 53.00 OK
r-oldrel-macos-arm64 0.1.0 27.00 OK
r-oldrel-macos-x86_64 0.1.0 35.00 OK
r-oldrel-windows-x86_64 0.1.0 4.00 48.00 52.00 OK

Check Details

Version: 0.1.0
Check: dependencies in R code
Result: NOTE Namespace in Imports field not imported from: ‘sna’ All declared Imports should be used. Flavors: r-devel-linux-x86_64-fedora-clang, r-devel-linux-x86_64-fedora-gcc