CRAN Package Check Results for Package XR

Last updated on 2025-10-22 01:51:45 CEST.

Flavor Version Tinstall Tcheck Ttotal Status Flags
r-devel-linux-x86_64-debian-clang 0.7.2 6.60 33.56 40.16 NOTE
r-devel-linux-x86_64-debian-gcc 0.7.2 4.09 25.48 29.57 NOTE
r-devel-linux-x86_64-fedora-clang 0.7.2 13.00 50.06 63.06 OK
r-devel-linux-x86_64-fedora-gcc 0.7.2 12.00 45.01 57.01 OK
r-devel-windows-x86_64 0.7.2 7.00 51.00 58.00 OK
r-patched-linux-x86_64 0.7.2 6.99 31.80 38.79 OK
r-release-linux-x86_64 0.7.2 6.16 31.68 37.84 OK
r-release-macos-arm64 0.7.2 3.00 17.00 20.00 OK
r-release-macos-x86_64 0.7.2 5.00 33.00 38.00 OK
r-release-windows-x86_64 0.7.2 7.00 54.00 61.00 OK
r-oldrel-macos-arm64 0.7.2 2.00 18.00 20.00 OK
r-oldrel-macos-x86_64 0.7.2 4.00 25.00 29.00 OK
r-oldrel-windows-x86_64 0.7.2 11.00 61.00 72.00 OK

Check Details

Version: 0.7.2
Check: CRAN incoming feasibility
Result: NOTE Maintainer: ‘John Chambers <jmc@r-project.org>’ No Authors@R field in DESCRIPTION. Please add one, modifying Authors@R: c(person(given = c("John", "M."), family = "Chambers", role = "aut"), person(given = "John", family = "Chambers", role = "cre", email = "jmc@r-project.org")) as necessary. Flavors: r-devel-linux-x86_64-debian-clang, r-devel-linux-x86_64-debian-gcc

Version: 0.7.2
Check: HTML version of manual
Result: NOTE Found the following HTML validation problems: dumpProxyFunction.html:51:1 (dumpProxyFunction.Rd:12): Warning: missing </ul> before </div> isProxy.html:46:1 (isProxy.Rd:10): Warning: missing </ul> before </div> proxyEvaluator.html:50:1 (proxyEvaluator.Rd:10): Warning: missing </ul> before </div> Flavors: r-devel-linux-x86_64-debian-clang, r-devel-linux-x86_64-debian-gcc