Last updated on 2025-10-25 01:50:52 CEST.
| Flavor | Version | Tinstall | Tcheck | Ttotal | Status | Flags |
|---|---|---|---|---|---|---|
| r-devel-linux-x86_64-debian-clang | 0.1.0 | 3.55 | 44.35 | 47.90 | NOTE | |
| r-devel-linux-x86_64-debian-gcc | 0.1.0 | 2.20 | 31.31 | 33.51 | NOTE | |
| r-devel-linux-x86_64-fedora-clang | 0.1.0 | 63.25 | NOTE | |||
| r-devel-linux-x86_64-fedora-gcc | 0.1.0 | 55.81 | NOTE | |||
| r-devel-windows-x86_64 | 0.1.0 | 5.00 | 50.00 | 55.00 | NOTE | |
| r-patched-linux-x86_64 | 0.1.0 | 3.21 | 35.19 | 38.40 | NOTE | |
| r-release-linux-x86_64 | 0.1.0 | 3.18 | 35.55 | 38.73 | NOTE | |
| r-release-macos-arm64 | 0.1.0 | 2.00 | 22.00 | 24.00 | NOTE | |
| r-release-macos-x86_64 | 0.1.0 | 3.00 | 37.00 | 40.00 | NOTE | |
| r-release-windows-x86_64 | 0.1.0 | 4.00 | 52.00 | 56.00 | NOTE | |
| r-oldrel-macos-arm64 | 0.1.0 | 2.00 | 20.00 | 22.00 | OK | |
| r-oldrel-macos-x86_64 | 0.1.0 | 4.00 | 51.00 | 55.00 | OK | |
| r-oldrel-windows-x86_64 | 0.1.0 | 9.00 | 61.00 | 70.00 | OK |
Version: 0.1.0
Check: DESCRIPTION meta-information
Result: NOTE
Missing dependency on R >= 4.1.0 because package code uses the pipe
|> or function shorthand \(...) syntax added in R 4.1.0.
File(s) using such syntax:
‘acoRn.R’ ‘clean_input.R’ ‘create_mock_dataset.R’
‘exclude_duplicates.R’ ‘find_parents.R’ ‘identify_duplicates.R’
Flavors: r-devel-linux-x86_64-debian-clang, r-devel-linux-x86_64-debian-gcc, r-devel-linux-x86_64-fedora-clang, r-devel-linux-x86_64-fedora-gcc, r-devel-windows-x86_64, r-patched-linux-x86_64, r-release-linux-x86_64, r-release-macos-arm64, r-release-macos-x86_64, r-release-windows-x86_64