Last updated on 2025-10-30 01:49:52 CET.
| Flavor | Version | Tinstall | Tcheck | Ttotal | Status | Flags | 
|---|---|---|---|---|---|---|
| r-devel-linux-x86_64-debian-clang | 0.3.0 | 3.07 | 26.24 | 29.31 | NOTE | |
| r-devel-linux-x86_64-debian-gcc | 0.3.0 | 2.13 | 21.55 | 23.68 | NOTE | |
| r-devel-linux-x86_64-fedora-clang | 0.3.0 | 45.81 | OK | |||
| r-devel-linux-x86_64-fedora-gcc | 0.3.0 | 56.98 | OK | |||
| r-devel-windows-x86_64 | 0.3.0 | 5.00 | 45.00 | 50.00 | OK | |
| r-patched-linux-x86_64 | 0.3.0 | 2.83 | 25.20 | 28.03 | OK | |
| r-release-linux-x86_64 | 0.3.0 | 3.46 | 24.98 | 28.44 | OK | |
| r-release-macos-arm64 | 0.3.0 | 2.00 | 25.00 | 27.00 | OK | |
| r-release-macos-x86_64 | 0.3.0 | 3.00 | 43.00 | 46.00 | OK | |
| r-release-windows-x86_64 | 0.3.0 | 5.00 | 46.00 | 51.00 | OK | |
| r-oldrel-macos-arm64 | 0.3.0 | 1.00 | 20.00 | 21.00 | NOTE | |
| r-oldrel-macos-x86_64 | 0.3.0 | 2.00 | 30.00 | 32.00 | NOTE | |
| r-oldrel-windows-x86_64 | 0.3.0 | 7.00 | 52.00 | 59.00 | NOTE | 
Version: 0.3.0
Check: CRAN incoming feasibility
Result: NOTE
  Maintainer: ‘Robert Fulton <rfulton@algorithmia.com>’
  
  No Authors@R field in DESCRIPTION.
  Please add one, modifying
    Authors@R: c(person(given = "James",
                        family = "Sutton",
                        role = "aut"),
                 person(given = "James",
                        family = "Athappilly",
                        role = "aut"),
                 person(given = "Taylor",
                        family = "Raack",
                        role = "aut"),
                 person(given = "Robert",
                        family = "Fulton",
                        role = "cre",
                        email = "rfulton@algorithmia.com"))
  as necessary.
Flavors: r-devel-linux-x86_64-debian-clang, r-devel-linux-x86_64-debian-gcc
Version: 0.3.0
Check: LazyData
Result: NOTE
    'LazyData' is specified without a 'data' directory
Flavors: r-oldrel-macos-arm64, r-oldrel-macos-x86_64, r-oldrel-windows-x86_64