Last updated on 2025-05-01 01:49:24 CEST.
Flavor | Version | Tinstall | Tcheck | Ttotal | Status | Flags |
---|---|---|---|---|---|---|
r-devel-linux-x86_64-debian-clang | 1.0-3 | 14.21 | 151.34 | 165.55 | NOTE | |
r-devel-linux-x86_64-debian-gcc | 1.0-3 | 9.18 | 106.69 | 115.87 | OK | |
r-devel-linux-x86_64-fedora-clang | 1.0-3 | 254.56 | OK | |||
r-devel-linux-x86_64-fedora-gcc | 1.0-3 | 232.23 | OK | |||
r-devel-windows-x86_64 | 1.0-3 | 18.00 | 141.00 | 159.00 | OK | |
r-patched-linux-x86_64 | 1.0-3 | 13.09 | 141.36 | 154.45 | OK | |
r-release-linux-x86_64 | 1.0-3 | 14.50 | 141.80 | 156.30 | OK | |
r-release-macos-arm64 | 1.0-3 | 63.00 | OK | |||
r-release-macos-x86_64 | 1.0-3 | 187.00 | OK | |||
r-release-windows-x86_64 | 1.0-3 | 19.00 | 146.00 | 165.00 | OK | |
r-oldrel-macos-arm64 | 1.0-3 | 68.00 | OK | |||
r-oldrel-macos-x86_64 | 1.0-3 | 210.00 | OK | |||
r-oldrel-windows-x86_64 | 1.0-3 | 22.00 | 181.00 | 203.00 | OK |
Version: 1.0-3
Check: examples
Result: NOTE
Examples with CPU (user + system) or elapsed time > 5s
user system elapsed
ammiBayes.conf.plot 11.896 0.453 14.271
Flavor: r-devel-linux-x86_64-debian-clang
Version: 1.0-3
Check: examples
Result: NA
user system elapsed
ammiBayes.conf.plot 7.315 0.707 8.471
OK
Flavor: r-devel-linux-x86_64-debian-gcc