Last updated on 2025-04-30 01:50:12 CEST.
Flavor | Version | Tinstall | Tcheck | Ttotal | Status | Flags |
---|---|---|---|---|---|---|
r-devel-linux-x86_64-debian-clang | 0.1.0 | 1.88 | 27.44 | 29.32 | NOTE | |
r-devel-linux-x86_64-debian-gcc | 0.1.0 | 1.71 | 20.45 | 22.16 | OK | |
r-devel-linux-x86_64-fedora-clang | 0.1.0 | 44.23 | NOTE | |||
r-devel-linux-x86_64-fedora-gcc | 0.1.0 | 42.59 | NOTE | |||
r-devel-windows-x86_64 | 0.1.0 | 3.00 | 50.00 | 53.00 | OK | |
r-patched-linux-x86_64 | 0.1.0 | 1.73 | 25.61 | 27.34 | OK | |
r-release-linux-x86_64 | 0.1.0 | 2.06 | 25.23 | 27.29 | OK | |
r-release-macos-arm64 | 0.1.0 | 20.00 | OK | |||
r-release-macos-x86_64 | 0.1.0 | 31.00 | OK | |||
r-release-windows-x86_64 | 0.1.0 | 3.00 | 50.00 | 53.00 | OK | |
r-oldrel-macos-arm64 | 0.1.0 | 19.00 | OK | |||
r-oldrel-macos-x86_64 | 0.1.0 | 29.00 | OK | |||
r-oldrel-windows-x86_64 | 0.1.0 | 4.00 | 53.00 | 57.00 | OK |
Version: 0.1.0
Check: examples
Result: NOTE
Examples with CPU (user + system) or elapsed time > 5s
user system elapsed
Q.AR1 3.077 0.193 5.019
Flavor: r-devel-linux-x86_64-debian-clang
Version: 0.1.0
Check: dependencies in R code
Result: NOTE
Namespace in Imports field not imported from: ‘sp’
All declared Imports should be used.
Flavors: r-devel-linux-x86_64-fedora-clang, r-devel-linux-x86_64-fedora-gcc