Last updated on 2025-05-02 01:51:50 CEST.
Flavor | Version | Tinstall | Tcheck | Ttotal | Status | Flags |
---|---|---|---|---|---|---|
r-devel-linux-x86_64-debian-clang | 3.4 | 23.17 | 102.37 | 125.54 | NOTE | |
r-devel-linux-x86_64-debian-gcc | 3.4 | 13.82 | 63.02 | 76.84 | NOTE | |
r-devel-linux-x86_64-fedora-clang | 3.4 | 207.91 | OK | |||
r-devel-linux-x86_64-fedora-gcc | 3.4 | 190.79 | OK | |||
r-devel-windows-x86_64 | 3.4 | 18.00 | 103.00 | 121.00 | OK | |
r-patched-linux-x86_64 | 3.4 | 20.03 | 94.23 | 114.26 | OK | |
r-release-linux-x86_64 | OK | |||||
r-release-macos-arm64 | 3.4 | 49.00 | OK | |||
r-release-macos-x86_64 | 3.4 | 91.00 | OK | |||
r-release-windows-x86_64 | 3.4 | 22.00 | 95.00 | 117.00 | OK | |
r-oldrel-macos-arm64 | 3.4 | 46.00 | OK | |||
r-oldrel-macos-x86_64 | 3.4 | 72.00 | OK | |||
r-oldrel-windows-x86_64 | 3.4 | 27.00 | 121.00 | 148.00 | OK |
Version: 3.4
Check: CRAN incoming feasibility
Result: NOTE
Maintainer: ‘Benjamin M Delory <Benjamin.Delory@leuphana.de>’
No Authors@R field in DESCRIPTION.
Please add one, modifying
Authors@R: c(person(given = c("Benjamin", "M"),
family = "Delory",
role = c("aut", "cre"),
email = "benjamin.delory@leuphana.de"),
person(given = "Caroline",
family = "Baudson",
role = "aut"),
person(given = "Yves",
family = "Brostaux",
role = "aut"),
person(given = "Guillaume",
family = "Lobet",
role = "aut"),
person(given = c("Patrick", "du"),
family = "Jardin",
role = "aut"),
person(given = "Loic",
family = "Pages",
role = "aut"),
person(given = "Pierre",
family = "Delaplace",
role = "aut"))
as necessary.
Flavors: r-devel-linux-x86_64-debian-clang, r-devel-linux-x86_64-debian-gcc