Last updated on 2025-10-28 02:50:41 CET.
| Flavor | Version | Tinstall | Tcheck | Ttotal | Status | Flags |
|---|---|---|---|---|---|---|
| r-devel-linux-x86_64-debian-clang | 1.0.0 | 39.45 | 315.61 | 355.06 | OK | |
| r-devel-linux-x86_64-debian-gcc | 1.0.0 | 22.17 | 204.22 | 226.39 | OK | |
| r-devel-linux-x86_64-fedora-clang | 1.0.0 | 180.00 | 420.29 | 600.29 | OK | |
| r-devel-linux-x86_64-fedora-gcc | 1.0.0 | 151.00 | 439.11 | 590.11 | OK | |
| r-devel-windows-x86_64 | 1.0.0 | 36.00 | 253.00 | 289.00 | OK | |
| r-patched-linux-x86_64 | 1.0.0 | 30.21 | 291.26 | 321.47 | OK | |
| r-release-linux-x86_64 | 1.0.0 | 29.57 | 293.69 | 323.26 | OK | |
| r-release-macos-arm64 | 1.0.0 | 18.00 | 133.00 | 151.00 | OK | |
| r-release-macos-x86_64 | 1.0.0 | 32.00 | 249.00 | 281.00 | OK | |
| r-release-windows-x86_64 | 1.0.0 | 40.00 | 248.00 | 288.00 | OK | |
| r-oldrel-macos-arm64 | 1.0.0 | 16.00 | 116.00 | 132.00 | NOTE | |
| r-oldrel-macos-x86_64 | 1.0.0 | 29.00 | 198.00 | 227.00 | NOTE | |
| r-oldrel-windows-x86_64 | 1.0.0 | 49.00 | 353.00 | 402.00 | NOTE |
Version: 1.0.0
Check: installed package size
Result: NOTE
installed size is 5.7Mb
sub-directories of 1Mb or more:
data 4.9Mb
Flavors: r-oldrel-macos-arm64, r-oldrel-macos-x86_64, r-oldrel-windows-x86_64