Last updated on 2025-05-07 01:49:49 CEST.
Flavor | Version | Tinstall | Tcheck | Ttotal | Status | Flags |
---|---|---|---|---|---|---|
r-devel-linux-x86_64-debian-clang | 0.1.1 | 22.05 | 163.09 | 185.14 | NOTE | |
r-devel-linux-x86_64-debian-gcc | 0.1.1 | 14.58 | 111.74 | 126.32 | NOTE | |
r-devel-linux-x86_64-fedora-clang | 0.1.1 | 307.30 | NOTE | |||
r-devel-linux-x86_64-fedora-gcc | 0.1.1 | 277.49 | NOTE | |||
r-devel-windows-x86_64 | 0.1.1 | 21.00 | 164.00 | 185.00 | NOTE | |
r-patched-linux-x86_64 | 0.1.1 | 19.25 | 154.43 | 173.68 | NOTE | |
r-release-linux-x86_64 | 0.1.1 | 20.83 | 154.86 | 175.69 | NOTE | |
r-release-macos-arm64 | 0.1.1 | 76.00 | NOTE | |||
r-release-macos-x86_64 | 0.1.1 | 156.00 | NOTE | |||
r-release-windows-x86_64 | 0.1.1 | 21.00 | 163.00 | 184.00 | NOTE | |
r-oldrel-macos-arm64 | 0.1.1 | 71.00 | OK | |||
r-oldrel-macos-x86_64 | 0.1.1 | 189.00 | OK | |||
r-oldrel-windows-x86_64 | 0.1.1 | 33.00 | 211.00 | 244.00 | OK |
Version: 0.1.1
Check: DESCRIPTION meta-information
Result: NOTE
Missing dependency on R >= 4.1.0 because package code uses the pipe
|> or function shorthand \(...) syntax added in R 4.1.0.
File(s) using such syntax:
‘acceptenceRate.R’ ‘extractTreeData.R’ ‘generic_functions.R’
‘permVint.R’ ‘plot_all_trees.R’ ‘splitDensity.R’ ‘treeBarPlot.R’
‘treeDataframe.R’ ‘treeList.R’ ‘vintPlot.R’
Flavors: r-devel-linux-x86_64-debian-clang, r-devel-linux-x86_64-debian-gcc, r-devel-linux-x86_64-fedora-clang, r-devel-linux-x86_64-fedora-gcc, r-devel-windows-x86_64, r-patched-linux-x86_64, r-release-linux-x86_64, r-release-macos-arm64, r-release-macos-x86_64, r-release-windows-x86_64