Last updated on 2025-10-23 01:51:14 CEST.
Flavor | Version | Tinstall | Tcheck | Ttotal | Status | Flags |
---|---|---|---|---|---|---|
r-devel-linux-x86_64-debian-clang | 0.2.2 | 78.46 | 126.18 | 204.64 | OK | |
r-devel-linux-x86_64-debian-gcc | 0.2.2 | 56.35 | 88.79 | 145.14 | OK | |
r-devel-linux-x86_64-fedora-clang | 0.2.2 | 220.00 | 154.23 | 374.23 | OK | |
r-devel-linux-x86_64-fedora-gcc | 0.2.2 | 111.00 | 227.91 | 338.91 | OK | |
r-devel-windows-x86_64 | 0.2.2 | 85.00 | 158.00 | 243.00 | OK | |
r-patched-linux-x86_64 | 0.2.2 | 79.58 | 120.17 | 199.75 | OK | |
r-release-linux-x86_64 | 0.2.2 | 74.80 | 122.81 | 197.61 | OK | |
r-release-macos-arm64 | 0.2.2 | 32.00 | 54.00 | 86.00 | OK | |
r-release-macos-x86_64 | 0.2.2 | 37.00 | 127.00 | 164.00 | OK | |
r-release-windows-x86_64 | 0.2.2 | 86.00 | 159.00 | 245.00 | OK | |
r-oldrel-macos-arm64 | 0.2.2 | 32.00 | 58.00 | 90.00 | NOTE | |
r-oldrel-macos-x86_64 | 0.2.2 | 37.00 | 118.00 | 155.00 | NOTE | |
r-oldrel-windows-x86_64 | 0.2.2 | 106.00 | 197.00 | 303.00 | OK |
Version: 0.2.2
Check: installed package size
Result: NOTE
installed size is 6.6Mb
sub-directories of 1Mb or more:
data 1.1Mb
libs 5.2Mb
Flavors: r-oldrel-macos-arm64, r-oldrel-macos-x86_64