Last updated on 2025-05-01 01:49:25 CEST.
Flavor | Version | Tinstall | Tcheck | Ttotal | Status | Flags |
---|---|---|---|---|---|---|
r-devel-linux-x86_64-debian-clang | 0.6.1 | 14.36 | 126.49 | 140.85 | NOTE | |
r-devel-linux-x86_64-debian-gcc | 0.6.1 | 9.15 | 87.22 | 96.37 | NOTE | |
r-devel-linux-x86_64-fedora-clang | 0.6.1 | 223.74 | OK | |||
r-devel-linux-x86_64-fedora-gcc | 0.6.1 | 223.10 | OK | |||
r-devel-windows-x86_64 | 0.6.1 | 14.00 | 132.00 | 146.00 | NOTE | |
r-patched-linux-x86_64 | 0.6.1 | 12.52 | 121.59 | 134.11 | NOTE | |
r-release-linux-x86_64 | 0.6.1 | 13.33 | 120.50 | 133.83 | NOTE | |
r-release-macos-arm64 | 0.6.1 | 90.00 | OK | |||
r-release-macos-x86_64 | 0.6.1 | 180.00 | OK | |||
r-release-windows-x86_64 | 0.6.1 | 15.00 | 136.00 | 151.00 | NOTE | |
r-oldrel-macos-arm64 | 0.6.1 | 66.00 | OK | |||
r-oldrel-macos-x86_64 | 0.6.1 | 117.00 | OK | |||
r-oldrel-windows-x86_64 | 0.6.1 | 18.00 | 170.00 | 188.00 | OK |
Version: 0.6.1
Check: CRAN incoming feasibility
Result: NOTE
Maintainer: ‘Oswaldo Gressani <oswaldo_gressani@hotmail.fr>’
Package CITATION file contains call(s) to old-style personList() or
as.personList(). Please use c() on person objects instead.
Package CITATION file contains call(s) to old-style citEntry(). Please
use bibentry() instead.
Flavors: r-devel-linux-x86_64-debian-clang, r-devel-linux-x86_64-debian-gcc
Version: 0.6.1
Check: Rd cross-references
Result: NOTE
Found the following Rd file(s) with Rd \link{} targets missing package
anchors:
coxlps.Rd: Surv, coxph
curelps.Rd: Surv
Please provide package anchors for all Rd \link{} targets not in the
package itself and the base packages.
Flavors: r-devel-linux-x86_64-debian-clang, r-devel-linux-x86_64-debian-gcc, r-devel-windows-x86_64, r-patched-linux-x86_64, r-release-linux-x86_64, r-release-windows-x86_64
Version: 0.6.1
Check: examples
Result: NOTE
Examples with CPU (user + system) or elapsed time > 5s
user system elapsed
gamlps 6.494 0.027 7.574
amlps 6.034 0.176 8.131
plot.amlps 5.715 0.004 7.327
plot.curelps 5.380 0.001 6.314
penaltyplot 5.356 0.017 6.683
Flavor: r-devel-linux-x86_64-debian-clang
Version: 0.6.1
Check: examples
Result: NA
user system elapsed
gamlps 4.189 0.035 5.724
OK
Flavor: r-devel-linux-x86_64-debian-gcc