CRAN Package Check Results for Package blockForest

Last updated on 2025-04-30 02:50:33 CEST.

Flavor Version Tinstall Tcheck Ttotal Status Flags
r-devel-linux-x86_64-debian-clang 0.2.6 72.80 89.45 162.25 NOTE
r-devel-linux-x86_64-debian-gcc 0.2.6 53.84 71.55 125.39 NOTE
r-devel-linux-x86_64-fedora-clang 0.2.6 303.73 OK
r-devel-linux-x86_64-fedora-gcc 0.2.6 272.89 OK
r-devel-windows-x86_64 0.2.6 91.00 120.00 211.00 OK
r-patched-linux-x86_64 0.2.6 75.28 86.81 162.09 OK
r-release-linux-x86_64 0.2.6 75.36 86.04 161.40 OK
r-release-macos-arm64 0.2.6 78.00 OK
r-release-macos-x86_64 0.2.6 99.00 OK
r-release-windows-x86_64 0.2.6 93.00 137.00 230.00 OK
r-oldrel-macos-arm64 0.2.6 73.00 NOTE
r-oldrel-macos-x86_64 0.2.6 96.00 NOTE
r-oldrel-windows-x86_64 0.2.6 105.00 147.00 252.00 OK

Check Details

Version: 0.2.6
Check: CRAN incoming feasibility
Result: NOTE Maintainer: ‘Marvin N. Wright <cran@wrig.de>’ No Authors@R field in DESCRIPTION. Please add one, modifying Authors@R: c(person(given = "Roman", family = "Hornung", role = "aut"), person(given = c("Marvin", "N."), family = "Wright", role = c("aut", "cre"), email = "cran@wrig.de")) as necessary. Flavors: r-devel-linux-x86_64-debian-clang, r-devel-linux-x86_64-debian-gcc

Version: 0.2.6
Check: installed package size
Result: NOTE installed size is 7.0Mb sub-directories of 1Mb or more: libs 6.6Mb Flavors: r-oldrel-macos-arm64, r-oldrel-macos-x86_64