CRAN Package Check Results for Package brglm2

Last updated on 2025-05-05 01:50:42 CEST.

Flavor Version Tinstall Tcheck Ttotal Status Flags
r-devel-linux-x86_64-debian-clang 0.9.2 10.67 104.66 115.33 NOTE
r-devel-linux-x86_64-debian-gcc 0.9.2 7.44 80.14 87.58 NOTE
r-devel-linux-x86_64-fedora-clang 0.9.2 191.59 OK
r-devel-linux-x86_64-fedora-gcc 0.9.2 188.64 OK
r-devel-windows-x86_64 0.9.2 14.00 121.00 135.00 NOTE
r-patched-linux-x86_64 0.9.2 13.10 102.76 115.86 NOTE
r-release-linux-x86_64 0.9.2 11.05 104.60 115.65 NOTE
r-release-macos-arm64 0.9.2 72.00 OK
r-release-macos-x86_64 0.9.2 134.00 OK
r-release-windows-x86_64 0.9.2 14.00 121.00 135.00 NOTE
r-oldrel-macos-arm64 0.9.2 64.00 OK
r-oldrel-macos-x86_64 0.9.2 96.00 OK
r-oldrel-windows-x86_64 0.9.2 19.00 150.00 169.00 OK

Check Details

Version: 0.9.2
Check: Rd cross-references
Result: NOTE Found the following Rd file(s) with Rd \link{} targets missing package anchors: brnb.Rd: negbin Please provide package anchors for all Rd \link{} targets not in the package itself and the base packages. Flavors: r-devel-linux-x86_64-debian-clang, r-devel-linux-x86_64-debian-gcc, r-devel-windows-x86_64, r-patched-linux-x86_64, r-release-linux-x86_64, r-release-windows-x86_64