Last updated on 2025-10-22 01:51:20 CEST.
Flavor | Version | Tinstall | Tcheck | Ttotal | Status | Flags |
---|---|---|---|---|---|---|
r-devel-linux-x86_64-debian-clang | 1.22.0 | 7.08 | 230.11 | 237.19 | NOTE | |
r-devel-linux-x86_64-debian-gcc | 1.22.0 | 5.13 | 147.78 | 152.91 | NOTE | |
r-devel-linux-x86_64-fedora-clang | 1.22.0 | 24.00 | 344.16 | 368.16 | OK | |
r-devel-linux-x86_64-fedora-gcc | 1.22.0 | 38.00 | 393.30 | 431.30 | OK | |
r-devel-windows-x86_64 | 1.22.0 | 11.00 | 219.00 | 230.00 | OK | |
r-patched-linux-x86_64 | 1.22.0 | 9.96 | 214.81 | 224.77 | OK | |
r-release-linux-x86_64 | 1.22.0 | 6.64 | 218.00 | 224.64 | OK | |
r-release-macos-arm64 | 1.22.0 | 4.00 | 112.00 | 116.00 | OK | |
r-release-macos-x86_64 | 1.22.0 | 7.00 | 233.00 | 240.00 | OK | |
r-release-windows-x86_64 | 1.22.0 | 9.00 | 221.00 | 230.00 | OK | |
r-oldrel-macos-arm64 | 1.22.0 | 3.00 | 140.00 | 143.00 | OK | |
r-oldrel-macos-x86_64 | 1.22.0 | 9.00 | 251.00 | 260.00 | OK | |
r-oldrel-windows-x86_64 | 1.22.0 | 13.00 | 294.00 | 307.00 | OK |
Version: 1.22.0
Check: HTML version of manual
Result: NOTE
Found the following HTML validation problems:
tidy_marginal_means.html:64:1 (tidy_marginal_means.Rd:19): Warning: missing </ul> before </div>
Flavors: r-devel-linux-x86_64-debian-clang, r-devel-linux-x86_64-debian-gcc