Last updated on 2025-10-23 02:49:49 CEST.
Flavor | Version | Tinstall | Tcheck | Ttotal | Status | Flags |
---|---|---|---|---|---|---|
r-devel-linux-x86_64-debian-clang | 1.0.1 | 15.67 | 138.19 | 153.86 | NOTE | |
r-devel-linux-x86_64-debian-gcc | 1.0.1 | 11.21 | 97.01 | 108.22 | NOTE | |
r-devel-linux-x86_64-fedora-clang | 1.0.1 | 23.00 | 154.39 | 177.39 | OK | |
r-devel-linux-x86_64-fedora-gcc | 1.0.1 | 37.00 | 201.97 | 238.97 | OK | |
r-devel-windows-x86_64 | 1.0.1 | 19.00 | 125.00 | 144.00 | OK | |
r-patched-linux-x86_64 | 1.0.1 | 15.29 | 124.82 | 140.11 | OK | |
r-release-linux-x86_64 | 1.0.1 | 15.13 | 125.58 | 140.71 | OK | |
r-release-macos-arm64 | 1.0.1 | 7.00 | 58.00 | 65.00 | OK | |
r-release-macos-x86_64 | 1.0.1 | 13.00 | 101.00 | 114.00 | OK | |
r-release-windows-x86_64 | 1.0.1 | 20.00 | 128.00 | 148.00 | OK | |
r-oldrel-macos-arm64 | 1.0.1 | 7.00 | 58.00 | 65.00 | OK | |
r-oldrel-macos-x86_64 | 1.0.1 | 14.00 | 84.00 | 98.00 | OK | |
r-oldrel-windows-x86_64 | 1.0.1 | 23.00 | 164.00 | 187.00 | OK |
Version: 1.0.1
Check: CRAN incoming feasibility
Result: NOTE
Maintainer: ‘Norm Matloff <normmatloff@gmail.com>’
No Authors@R field in DESCRIPTION.
Please add one, modifying
Authors@R: c(person(given = "Norm",
family = "Matloff",
role = c("aut", "cre"),
email = "normmatloff@gmail.com"),
person(given = "Vincent",
family = "Yang",
role = "aut",
email = "vinyang@ucdavis.edu"),
person(given = "Harrison",
family = "Nguyen",
role = "aut",
email = "hhnguy@ucdavis.edu"))
as necessary.
Flavors: r-devel-linux-x86_64-debian-clang, r-devel-linux-x86_64-debian-gcc