Last updated on 2025-10-16 01:50:03 CEST.
Flavor | Version | Tinstall | Tcheck | Ttotal | Status | Flags |
---|---|---|---|---|---|---|
r-devel-linux-x86_64-debian-clang | 0.3.0 | 1.62 | 17.87 | 19.49 | OK | |
r-devel-linux-x86_64-debian-gcc | 0.3.0 | 1.37 | 15.07 | 16.44 | OK | |
r-devel-linux-x86_64-fedora-clang | 0.3.0 | 24.15 | OK | |||
r-devel-linux-x86_64-fedora-gcc | 0.3.0 | 26.84 | OK | |||
r-devel-windows-x86_64 | 0.3.0 | 2.00 | 34.00 | 36.00 | OK | |
r-patched-linux-x86_64 | 0.3.0 | 1.53 | 17.02 | 18.55 | OK | |
r-release-linux-x86_64 | 0.3.0 | 1.60 | 16.81 | 18.41 | OK | |
r-release-macos-arm64 | 0.3.0 | 18.00 | OK | |||
r-release-macos-x86_64 | 0.3.0 | 21.00 | OK | |||
r-release-windows-x86_64 | 0.3.0 | 2.00 | 36.00 | 38.00 | OK | |
r-oldrel-macos-arm64 | 0.3.0 | 20.00 | NOTE | |||
r-oldrel-macos-x86_64 | 0.3.0 | 21.00 | NOTE | |||
r-oldrel-windows-x86_64 | 0.3.0 | 3.00 | 33.00 | 36.00 | NOTE |
Version: 0.3.0
Check: LazyData
Result: NOTE
'LazyData' is specified without a 'data' directory
Flavors: r-oldrel-macos-arm64, r-oldrel-macos-x86_64, r-oldrel-windows-x86_64