Last updated on 2025-10-26 01:49:45 CEST.
| Flavor | Version | Tinstall | Tcheck | Ttotal | Status | Flags |
|---|---|---|---|---|---|---|
| r-devel-linux-x86_64-debian-clang | 0.4-1 | 5.03 | 45.05 | 50.08 | OK | |
| r-devel-linux-x86_64-debian-gcc | 0.4-1 | 3.75 | 34.24 | 37.99 | OK | |
| r-devel-linux-x86_64-fedora-clang | 0.4-1 | 62.42 | OK | |||
| r-devel-linux-x86_64-fedora-gcc | 0.4-1 | 10.00 | 77.42 | 87.42 | OK | |
| r-devel-windows-x86_64 | 0.4-1 | 6.00 | 62.00 | 68.00 | OK | |
| r-patched-linux-x86_64 | 0.4-1 | 4.01 | 42.87 | 46.88 | OK | |
| r-release-linux-x86_64 | 0.4-1 | 4.04 | 43.22 | 47.26 | OK | |
| r-release-macos-arm64 | 0.4-1 | 2.00 | 28.00 | 30.00 | OK | |
| r-release-macos-x86_64 | 0.4-1 | 4.00 | 58.00 | 62.00 | OK | |
| r-release-windows-x86_64 | 0.4-1 | 9.00 | 65.00 | 74.00 | OK | |
| r-oldrel-macos-arm64 | 0.4-1 | 2.00 | 37.00 | 39.00 | NOTE | |
| r-oldrel-macos-x86_64 | 0.4-1 | 3.00 | 43.00 | 46.00 | NOTE | |
| r-oldrel-windows-x86_64 | 0.4-1 | 9.00 | 82.00 | 91.00 | NOTE |
Version: 0.4-1
Check: LazyData
Result: NOTE
'LazyData' is specified without a 'data' directory
Flavors: r-oldrel-macos-arm64, r-oldrel-macos-x86_64, r-oldrel-windows-x86_64