Last updated on 2025-10-24 01:50:21 CEST.
| Flavor | Version | Tinstall | Tcheck | Ttotal | Status | Flags |
|---|---|---|---|---|---|---|
| r-devel-linux-x86_64-debian-clang | 1.1.1 | 4.94 | 118.82 | 123.76 | NOTE | |
| r-devel-linux-x86_64-debian-gcc | 1.1.1 | 4.09 | 78.28 | 82.37 | OK | |
| r-devel-linux-x86_64-fedora-clang | 1.1.1 | 149.62 | OK | |||
| r-devel-linux-x86_64-fedora-gcc | 1.1.1 | 12.00 | 233.01 | 245.01 | OK | |
| r-devel-windows-x86_64 | 1.1.1 | 8.00 | 149.00 | 157.00 | OK | |
| r-patched-linux-x86_64 | 1.1.1 | 6.87 | 112.04 | 118.91 | OK | |
| r-release-linux-x86_64 | 1.1.1 | 4.89 | 110.14 | 115.03 | OK | |
| r-release-macos-arm64 | 1.1.1 | 2.00 | 120.00 | 122.00 | OK | |
| r-release-macos-x86_64 | 1.1.1 | 5.00 | 304.00 | 309.00 | OK | |
| r-release-windows-x86_64 | 1.1.1 | 10.00 | 149.00 | 159.00 | OK | |
| r-oldrel-macos-arm64 | 1.1.1 | 3.00 | 117.00 | 120.00 | OK | |
| r-oldrel-macos-x86_64 | 1.1.1 | 6.00 | 302.00 | 308.00 | OK | |
| r-oldrel-windows-x86_64 | 1.1.1 | 9.00 | 188.00 | 197.00 | OK |
Version: 1.1.1
Check: HTML version of manual
Result: NOTE
Found the following HTML validation problems:
get_appropriate_format.html:55:1 (get_appropriate_format.Rd:15): Warning: missing </ul> before </div>
Flavor: r-devel-linux-x86_64-debian-clang