Last updated on 2025-05-01 01:49:27 CEST.
Flavor | Version | Tinstall | Tcheck | Ttotal | Status | Flags |
---|---|---|---|---|---|---|
r-devel-linux-x86_64-debian-clang | 0.2-3 | 2.01 | 34.32 | 36.33 | NOTE | |
r-devel-linux-x86_64-debian-gcc | 0.2-3 | 1.84 | 27.46 | 29.30 | NOTE | |
r-devel-linux-x86_64-fedora-clang | 0.2-3 | 57.38 | OK | |||
r-devel-linux-x86_64-fedora-gcc | 0.2-3 | 69.27 | OK | |||
r-devel-windows-x86_64 | 0.2-3 | 4.00 | 77.00 | 81.00 | OK | |
r-patched-linux-x86_64 | 0.2-3 | 2.61 | 32.49 | 35.10 | OK | |
r-release-linux-x86_64 | 0.2-3 | 2.34 | 32.56 | 34.90 | OK | |
r-release-macos-arm64 | 0.2-3 | 30.00 | OK | |||
r-release-macos-x86_64 | 0.2-3 | 56.00 | OK | |||
r-release-windows-x86_64 | 0.2-3 | 5.00 | 82.00 | 87.00 | OK | |
r-oldrel-macos-arm64 | 0.2-3 | 34.00 | OK | |||
r-oldrel-macos-x86_64 | 0.2-3 | 72.00 | OK | |||
r-oldrel-windows-x86_64 | 0.2-3 | 3.00 | 73.00 | 76.00 | OK |
Version: 0.2-3
Check: CRAN incoming feasibility
Result: NOTE
Maintainer: ‘Gavin L. Simpson <ucfagls@gmail.com>’
Package CITATION file contains call(s) to old-style personList() or
as.personList(). Please use c() on person objects instead.
Package CITATION file contains call(s) to old-style citEntry(). Please
use bibentry() instead.
Flavors: r-devel-linux-x86_64-debian-clang, r-devel-linux-x86_64-debian-gcc