Last updated on 2025-10-24 01:50:22 CEST.
| Flavor | Version | Tinstall | Tcheck | Ttotal | Status | Flags |
|---|---|---|---|---|---|---|
| r-devel-linux-x86_64-debian-clang | 0.1.0 | 1.69 | 21.21 | 22.90 | NOTE | |
| r-devel-linux-x86_64-debian-gcc | 0.1.0 | 1.44 | 17.38 | 18.82 | OK | |
| r-devel-linux-x86_64-fedora-clang | 0.1.0 | 25.58 | OK | |||
| r-devel-linux-x86_64-fedora-gcc | 0.1.0 | 30.53 | OK | |||
| r-devel-windows-x86_64 | 0.1.0 | 3.00 | 39.00 | 42.00 | OK | |
| r-patched-linux-x86_64 | 0.1.0 | 1.59 | 18.87 | 20.46 | OK | |
| r-release-linux-x86_64 | 0.1.0 | 1.73 | 18.84 | 20.57 | OK | |
| r-release-macos-arm64 | 0.1.0 | 1.00 | 14.00 | 15.00 | OK | |
| r-release-macos-x86_64 | 0.1.0 | 2.00 | 29.00 | 31.00 | OK | |
| r-release-windows-x86_64 | 0.1.0 | 6.00 | 40.00 | 46.00 | OK | |
| r-oldrel-macos-arm64 | 0.1.0 | 1.00 | 14.00 | 15.00 | OK | |
| r-oldrel-macos-x86_64 | 0.1.0 | 2.00 | 23.00 | 25.00 | OK | |
| r-oldrel-windows-x86_64 | 0.1.0 | 4.00 | 44.00 | 48.00 | OK |
Version: 0.1.0
Check: HTML version of manual
Result: NOTE
Found the following HTML validation problems:
generate_files.html:74:1 (generate_files.Rd:28): Warning: missing </ul> before </div>
Flavor: r-devel-linux-x86_64-debian-clang