Last updated on 2025-10-25 01:50:56 CEST.
| Flavor | Version | Tinstall | Tcheck | Ttotal | Status | Flags |
|---|---|---|---|---|---|---|
| r-devel-linux-x86_64-debian-clang | 0.1.0 | 1.80 | 22.29 | 24.09 | OK | |
| r-devel-linux-x86_64-debian-gcc | 0.1.0 | 1.60 | 17.68 | 19.28 | OK | |
| r-devel-linux-x86_64-fedora-clang | 0.1.0 | 28.92 | OK | |||
| r-devel-linux-x86_64-fedora-gcc | 0.1.0 | 34.47 | OK | |||
| r-devel-windows-x86_64 | 0.1.0 | 3.00 | 41.00 | 44.00 | OK | |
| r-patched-linux-x86_64 | 0.1.0 | 2.16 | 21.34 | 23.50 | OK | |
| r-release-linux-x86_64 | 0.1.0 | 2.21 | 21.26 | 23.47 | OK | |
| r-release-macos-arm64 | 0.1.0 | 1.00 | 20.00 | 21.00 | OK | |
| r-release-macos-x86_64 | 0.1.0 | 2.00 | 27.00 | 29.00 | OK | |
| r-release-windows-x86_64 | 0.1.0 | 3.00 | 43.00 | 46.00 | OK | |
| r-oldrel-macos-arm64 | 0.1.0 | 1.00 | 15.00 | 16.00 | NOTE | |
| r-oldrel-macos-x86_64 | 0.1.0 | 2.00 | 20.00 | 22.00 | NOTE | |
| r-oldrel-windows-x86_64 | 0.1.0 | 4.00 | 46.00 | 50.00 | NOTE |
Version: 0.1.0
Check: LazyData
Result: NOTE
'LazyData' is specified without a 'data' directory
Flavors: r-oldrel-macos-arm64, r-oldrel-macos-x86_64, r-oldrel-windows-x86_64