Last updated on 2025-05-01 01:49:27 CEST.
Flavor | Version | Tinstall | Tcheck | Ttotal | Status | Flags |
---|---|---|---|---|---|---|
r-devel-linux-x86_64-debian-clang | 0.5.1 | 58.49 | 146.44 | 204.93 | NOTE | |
r-devel-linux-x86_64-debian-gcc | 0.5.1 | 42.21 | 94.67 | 136.88 | NOTE | |
r-devel-linux-x86_64-fedora-clang | 0.5.1 | 336.84 | OK | |||
r-devel-linux-x86_64-fedora-gcc | 0.5.1 | 331.29 | OK | |||
r-devel-windows-x86_64 | 0.5.1 | 69.00 | 182.00 | 251.00 | NOTE | |
r-patched-linux-x86_64 | 0.5.1 | 60.90 | 126.99 | 187.89 | NOTE | |
r-release-linux-x86_64 | 0.5.1 | 59.51 | 126.45 | 185.96 | NOTE | |
r-release-macos-arm64 | 0.5.1 | 99.00 | OK | |||
r-release-macos-x86_64 | 0.5.1 | 162.00 | OK | |||
r-release-windows-x86_64 | 0.5.1 | 71.00 | 189.00 | 260.00 | NOTE | |
r-oldrel-macos-arm64 | 0.5.1 | 87.00 | OK | |||
r-oldrel-macos-x86_64 | 0.5.1 | 118.00 | OK | |||
r-oldrel-windows-x86_64 | 0.5.1 | 78.00 | 223.00 | 301.00 | OK |
Version: 0.5.1
Check: CRAN incoming feasibility
Result: NOTE
Maintainer: ‘Kasper Welbers <kasperwelbers@gmail.com>’
No Authors@R field in DESCRIPTION.
Please add one, modifying
Authors@R: c(person(given = "Kasper",
family = "Welbers",
role = c("aut", "cre"),
email = "kasperwelbers@gmail.com"),
person(given = "Wouter",
family = "van Atteveldt",
role = "aut"))
as necessary.
Flavors: r-devel-linux-x86_64-debian-clang, r-devel-linux-x86_64-debian-gcc
Version: 0.5.1
Check: Rd cross-references
Result: NOTE
Found the following Rd file(s) with Rd \link{} targets missing package
anchors:
tCorpus-cash-annotate_rsyntax.Rd: tquery
tCorpus-cash-subset.Rd: subset.data.table
Please provide package anchors for all Rd \link{} targets not in the
package itself and the base packages.
Flavors: r-devel-linux-x86_64-debian-clang, r-devel-linux-x86_64-debian-gcc, r-devel-windows-x86_64, r-patched-linux-x86_64, r-release-linux-x86_64, r-release-windows-x86_64