Last updated on 2025-04-30 01:50:15 CEST.
Flavor | Version | Tinstall | Tcheck | Ttotal | Status | Flags |
---|---|---|---|---|---|---|
r-devel-linux-x86_64-debian-clang | 4.0.0 | 14.97 | 51.58 | 66.55 | NOTE | |
r-devel-linux-x86_64-debian-gcc | 4.0.0 | 11.16 | 38.89 | 50.05 | NOTE | |
r-devel-linux-x86_64-fedora-clang | 4.0.0 | 109.92 | OK | |||
r-devel-linux-x86_64-fedora-gcc | 4.0.0 | 106.66 | OK | |||
r-devel-windows-x86_64 | 4.0.0 | 19.00 | 82.00 | 101.00 | OK | |
r-patched-linux-x86_64 | 4.0.0 | 16.86 | 49.84 | 66.70 | OK | |
r-release-linux-x86_64 | 4.0.0 | 15.95 | 49.65 | 65.60 | OK | |
r-release-macos-arm64 | 4.0.0 | 43.00 | OK | |||
r-release-macos-x86_64 | 4.0.0 | 59.00 | OK | |||
r-release-windows-x86_64 | 4.0.0 | 20.00 | 80.00 | 100.00 | OK | |
r-oldrel-macos-arm64 | 4.0.0 | 33.00 | OK | |||
r-oldrel-macos-x86_64 | 4.0.0 | 48.00 | OK | |||
r-oldrel-windows-x86_64 | 4.0.0 | 22.00 | 93.00 | 115.00 | OK |
Version: 4.0.0
Check: CRAN incoming feasibility
Result: NOTE
Maintainer: ‘Anna Neufeld <aneufeld@fredhutch.org>’
The Description field contains
<arXiv:2307.12985>. Intended for turning a matrix of single-cell RNA
Please refer to arXiv e-prints via their arXiv DOI <doi:10.48550/arXiv.YYMM.NNNNN>.
Flavors: r-devel-linux-x86_64-debian-clang, r-devel-linux-x86_64-debian-gcc