Last updated on 2025-10-30 01:49:56 CET.
| Flavor | Version | Tinstall | Tcheck | Ttotal | Status | Flags | 
|---|---|---|---|---|---|---|
| r-devel-linux-x86_64-debian-clang | 1.0.2 | 6.41 | 54.68 | 61.09 | NOTE | |
| r-devel-linux-x86_64-debian-gcc | 1.0.2 | 4.86 | 39.43 | 44.29 | NOTE | |
| r-devel-linux-x86_64-fedora-clang | 1.0.2 | 17.00 | 75.03 | 92.03 | OK | |
| r-devel-linux-x86_64-fedora-gcc | 1.0.2 | 15.00 | 68.84 | 83.84 | OK | |
| r-devel-windows-x86_64 | 1.0.2 | 8.00 | 66.00 | 74.00 | OK | |
| r-patched-linux-x86_64 | 1.0.2 | 5.96 | 50.89 | 56.85 | OK | |
| r-release-linux-x86_64 | 1.0.2 | 5.67 | 52.29 | 57.96 | OK | |
| r-release-macos-arm64 | 1.0.2 | 3.00 | 27.00 | 30.00 | OK | |
| r-release-macos-x86_64 | 1.0.2 | 4.00 | 36.00 | 40.00 | OK | |
| r-release-windows-x86_64 | 1.0.2 | 9.00 | 69.00 | 78.00 | OK | |
| r-oldrel-macos-arm64 | 1.0.2 | 3.00 | 22.00 | 25.00 | OK | |
| r-oldrel-macos-x86_64 | 1.0.2 | 3.00 | 32.00 | 35.00 | OK | |
| r-oldrel-windows-x86_64 | 1.0.2 | 11.00 | 83.00 | 94.00 | OK | 
Version: 1.0.2
Check: CRAN incoming feasibility
Result: NOTE
  Maintainer: ‘Ning Yilin <ningyilinnyl@gmail.com>’
  
  No Authors@R field in DESCRIPTION.
  Please add one, modifying
    Authors@R: c(person(given = "Ning",
                        family = "Yilin",
                        role = c("aut", "cre"),
                        email = "ningyilinnyl@gmail.com"),
                 person(given = c("Tan", "Chuen"),
                        family = "Seng",
                        role = "aut"))
  as necessary.
Flavors: r-devel-linux-x86_64-debian-clang, r-devel-linux-x86_64-debian-gcc