Last updated on 2025-10-31 01:48:54 CET.
| Flavor | Version | Tinstall | Tcheck | Ttotal | Status | Flags | 
|---|---|---|---|---|---|---|
| r-devel-linux-x86_64-debian-clang | 1.1 | 1.87 | 29.59 | 31.46 | NOTE | |
| r-devel-linux-x86_64-debian-gcc | 1.1 | 1.51 | 23.11 | 24.62 | NOTE | |
| r-devel-linux-x86_64-fedora-clang | 1.1 | 46.18 | OK | |||
| r-devel-linux-x86_64-fedora-gcc | 1.1 | 44.36 | OK | |||
| r-devel-windows-x86_64 | 1.1 | 3.00 | 53.00 | 56.00 | OK | |
| r-patched-linux-x86_64 | 1.1 | 2.50 | 28.04 | 30.54 | OK | |
| r-release-linux-x86_64 | 1.1 | 2.06 | 28.67 | 30.73 | OK | |
| r-release-macos-arm64 | 1.1 | 2.00 | 20.00 | 22.00 | OK | |
| r-release-macos-x86_64 | 1.1 | 2.00 | 30.00 | 32.00 | OK | |
| r-release-windows-x86_64 | 1.1 | 4.00 | 54.00 | 58.00 | OK | |
| r-oldrel-macos-arm64 | 1.1 | 1.00 | 19.00 | 20.00 | OK | |
| r-oldrel-macos-x86_64 | 1.1 | 2.00 | 25.00 | 27.00 | OK | |
| r-oldrel-windows-x86_64 | 1.1 | 5.00 | 58.00 | 63.00 | OK | 
Version: 1.1
Check: CRAN incoming feasibility
Result: NOTE
  Maintainer: ‘Pein Florian <f.pein@lancaster.ac.uk>’
  
  The Description field contains
    <arXiv:2112.03220>. Can be customised by providing different
  Please refer to arXiv e-prints via their arXiv DOI <doi:10.48550/arXiv.YYMM.NNNNN>.
Flavors: r-devel-linux-x86_64-debian-clang, r-devel-linux-x86_64-debian-gcc