Last updated on 2025-11-03 02:49:23 CET.
| Flavor | Version | Tinstall | Tcheck | Ttotal | Status | Flags |
|---|---|---|---|---|---|---|
| r-devel-linux-x86_64-debian-clang | 1.1.3 | 1.75 | 20.25 | 22.00 | NOTE | |
| r-devel-linux-x86_64-debian-gcc | 1.1.3 | 1.50 | 16.64 | 18.14 | NOTE | |
| r-devel-linux-x86_64-fedora-clang | 1.1.3 | 31.04 | OK | |||
| r-devel-linux-x86_64-fedora-gcc | 1.1.3 | 30.44 | OK | |||
| r-devel-windows-x86_64 | 1.1.3 | 3.00 | 39.00 | 42.00 | OK | |
| r-patched-linux-x86_64 | 1.1.3 | 2.01 | 19.30 | 21.31 | OK | |
| r-release-linux-x86_64 | 1.1.3 | 1.73 | 19.39 | 21.12 | OK | |
| r-release-macos-arm64 | 1.1.3 | 1.00 | 14.00 | 15.00 | OK | |
| r-release-macos-x86_64 | 1.1.3 | 2.00 | 21.00 | 23.00 | OK | |
| r-release-windows-x86_64 | 1.1.3 | 2.00 | 37.00 | 39.00 | OK | |
| r-oldrel-macos-arm64 | 1.1.3 | 1.00 | 14.00 | 15.00 | OK | |
| r-oldrel-macos-x86_64 | 1.1.3 | 2.00 | 20.00 | 22.00 | OK | |
| r-oldrel-windows-x86_64 | 1.1.3 | 4.00 | 48.00 | 52.00 | OK |
Version: 1.1.3
Check: CRAN incoming feasibility
Result: NOTE
Maintainer: ‘Dmitry Pavlyuk <Dmitry.V.Pavlyuk@gmail.com>’
No Authors@R field in DESCRIPTION.
Please add one, modifying
Authors@R: c(person(given = "Dmitry",
family = "Pavlyuk",
role = c("aut", "cre"),
email = "dmitry.v.pavlyuk@gmail.com"),
person(given = "Eugene",
family = "Girtcius",
role = "aut"))
as necessary.
Flavors: r-devel-linux-x86_64-debian-clang, r-devel-linux-x86_64-debian-gcc