Last updated on 2025-05-01 01:49:28 CEST.
Flavor | Version | Tinstall | Tcheck | Ttotal | Status | Flags |
---|---|---|---|---|---|---|
r-devel-linux-x86_64-debian-clang | 1.3.0 | 8.89 | 69.55 | 78.44 | NOTE | |
r-devel-linux-x86_64-debian-gcc | 1.3.0 | 5.55 | 47.34 | 52.89 | OK | |
r-devel-linux-x86_64-fedora-clang | 1.3.0 | 118.45 | OK | |||
r-devel-linux-x86_64-fedora-gcc | 1.3.0 | 113.87 | OK | |||
r-devel-windows-x86_64 | 1.3.0 | 9.00 | 94.00 | 103.00 | OK | |
r-patched-linux-x86_64 | 1.3.0 | 10.25 | 64.20 | 74.45 | OK | |
r-release-linux-x86_64 | 1.3.0 | 7.96 | 64.48 | 72.44 | OK | |
r-release-macos-arm64 | 1.3.0 | 31.00 | OK | |||
r-release-macos-x86_64 | 1.3.0 | 62.00 | OK | |||
r-release-windows-x86_64 | 1.3.0 | 8.00 | 96.00 | 104.00 | OK | |
r-oldrel-macos-arm64 | 1.3.0 | 30.00 | OK | |||
r-oldrel-macos-x86_64 | 1.3.0 | 52.00 | OK | |||
r-oldrel-windows-x86_64 | 1.3.0 | 9.00 | 102.00 | 111.00 | OK |
Version: 1.3.0
Check: examples
Result: NOTE
Examples with CPU (user + system) or elapsed time > 5s
user system elapsed
ci.table 8.643 0.124 11.134
mph.fit 4.757 0.004 6.920
Flavor: r-devel-linux-x86_64-debian-clang
Version: 1.3.0
Check: examples
Result: NA
user system elapsed
ci.table 5.202 0.309 6.943
OK
Flavor: r-devel-linux-x86_64-debian-gcc