Last updated on 2025-10-26 01:49:46 CEST.
| Flavor | Version | Tinstall | Tcheck | Ttotal | Status | Flags |
|---|---|---|---|---|---|---|
| r-devel-linux-x86_64-debian-clang | 2.0.5 | 3.45 | 34.01 | 37.46 | NOTE | |
| r-devel-linux-x86_64-debian-gcc | 2.0.5 | 2.59 | 26.80 | 29.39 | NOTE | |
| r-devel-linux-x86_64-fedora-clang | 2.0.5 | 42.22 | OK | |||
| r-devel-linux-x86_64-fedora-gcc | 2.0.5 | 48.74 | OK | |||
| r-devel-windows-x86_64 | 2.0.5 | 5.00 | 49.00 | 54.00 | OK | |
| r-patched-linux-x86_64 | 2.0.5 | 3.42 | 29.75 | 33.17 | OK | |
| r-release-linux-x86_64 | 2.0.5 | 3.34 | 29.82 | 33.16 | OK | |
| r-release-macos-arm64 | 2.0.5 | 2.00 | 17.00 | 19.00 | OK | |
| r-release-macos-x86_64 | 2.0.5 | 3.00 | 30.00 | 33.00 | OK | |
| r-release-windows-x86_64 | 2.0.5 | 4.00 | 51.00 | 55.00 | OK | |
| r-oldrel-macos-arm64 | 2.0.5 | 2.00 | 18.00 | 20.00 | OK | |
| r-oldrel-macos-x86_64 | 2.0.5 | 2.00 | 29.00 | 31.00 | OK | |
| r-oldrel-windows-x86_64 | 2.0.5 | 7.00 | 56.00 | 63.00 | OK |
Version: 2.0.5
Check: CRAN incoming feasibility
Result: NOTE
Maintainer: ‘Francois Ritter <ritter.francois@gmail.com>’
Package CITATION file contains call(s) to old-style citEntry(). Please
use bibentry() instead.
Flavors: r-devel-linux-x86_64-debian-clang, r-devel-linux-x86_64-debian-gcc