CRAN Package Check Results for Package curstatCI

Last updated on 2025-04-30 01:50:16 CEST.

Flavor Version Tinstall Tcheck Ttotal Status Flags
r-devel-linux-x86_64-debian-clang 0.1.1 18.52 85.65 104.17 NOTE
r-devel-linux-x86_64-debian-gcc 0.1.1 13.29 66.43 79.72 OK
r-devel-linux-x86_64-fedora-clang 0.1.1 199.72 OK
r-devel-linux-x86_64-fedora-gcc 0.1.1 223.73 OK
r-devel-windows-x86_64 0.1.1 23.00 117.00 140.00 OK
r-patched-linux-x86_64 0.1.1 18.70 89.63 108.33 OK
r-release-linux-x86_64 0.1.1 18.12 89.98 108.10 OK
r-release-macos-arm64 0.1.1 57.00 OK
r-release-macos-x86_64 0.1.1 119.00 OK
r-release-windows-x86_64 0.1.1 23.00 116.00 139.00 OK
r-oldrel-macos-arm64 0.1.1 57.00 OK
r-oldrel-macos-x86_64 0.1.1 94.00 OK
r-oldrel-windows-x86_64 0.1.1 21.00 139.00 160.00 OK

Check Details

Version: 0.1.1
Check: examples
Result: NOTE Examples with CPU (user + system) or elapsed time > 5s user system elapsed ComputeConfIntervals 4.711 0 5.86 Flavor: r-devel-linux-x86_64-debian-clang