Last updated on 2025-10-22 01:51:22 CEST.
Flavor | Version | Tinstall | Tcheck | Ttotal | Status | Flags |
---|---|---|---|---|---|---|
r-devel-linux-x86_64-debian-clang | 2.18.7 | 9.28 | 158.88 | 168.16 | NOTE | |
r-devel-linux-x86_64-debian-gcc | 2.18.7 | 5.77 | 118.79 | 124.56 | NOTE | |
r-devel-linux-x86_64-fedora-clang | 2.18.7 | 22.00 | 233.42 | 255.42 | OK | |
r-devel-linux-x86_64-fedora-gcc | 2.18.7 | 18.00 | 238.66 | 256.66 | OK | |
r-devel-windows-x86_64 | 2.18.7 | 14.00 | 201.00 | 215.00 | OK | |
r-patched-linux-x86_64 | 2.18.7 | 13.72 | 152.38 | 166.10 | OK | |
r-release-linux-x86_64 | 2.18.7 | 8.45 | 151.49 | 159.94 | OK | |
r-release-macos-arm64 | 2.18.7 | 4.00 | 77.00 | 81.00 | OK | |
r-release-macos-x86_64 | 2.18.7 | 8.00 | 141.00 | 149.00 | OK | |
r-release-windows-x86_64 | 2.18.7 | 17.00 | 205.00 | 222.00 | OK | |
r-oldrel-macos-arm64 | 2.18.7 | 4.00 | 78.00 | 82.00 | OK | |
r-oldrel-macos-x86_64 | 2.18.7 | 8.00 | 132.00 | 140.00 | OK | |
r-oldrel-windows-x86_64 | 2.18.7 | 17.00 | 242.00 | 259.00 | OK |
Version: 2.18.7
Check: HTML version of manual
Result: NOTE
Found the following HTML validation problems:
ApplySchema.html:55:1 (ApplySchema.Rd:15): Warning: missing </ul> before </div>
CheckUrl.html:46:1 (CheckUrl.Rd:10): Warning: missing </ul> before </div>
CleanServerData.html:46:1 (CleanServerData.Rd:10): Warning: missing </ul> before </div>
DataPathFromDataArg.html:52:1 (DataPathFromDataArg.Rd:12): Warning: missing </ul> before </div>
DeprecatedHeaderMessage.html:46:1 (DeprecatedHeaderMessage.Rd:10): Warning: missing </ul> before </div>
ExpectHasKeys.html:56:1 (ExpectHasKeys.Rd:15): Warning: missing </ul> before </div>
FeatureFromAsyncUrl.html:53:1 (FeatureFromAsyncUrl.Rd:13): Warning: missing </ul> before </div>
GetGeneralizedInsight.html:66:1 (GetGeneralizedInsight.Rd:24): Warning: missing </ul> before </div>
GetServerDataInRows.html:50:1 (GetServerDataInRows.Rd:12): Warning: missing </ul> before </div>
GetTrainingPredictionDataFrame.html:46:1 (GetTrainingPredictionDataFrame.Rd:10): Warning: missing </ul> before </div>
IsId.html:46:1 (IsId.Rd:10): Warning: missing </ul> before </div>
MakeDataRobotRequest.html:111:1 (MakeDataRobotRequest.Rd:51): Warning: missing </ul> before </div>
PredictionDatasetFromAsyncUrl.html:52:1 (PredictionDatasetFromAsyncUrl.Rd:12): Warning: missing </ul> before </div>
ProjectFromJobResponse.html:53:1 (ProjectFromJobResponse.Rd:13): Warning: missing </ul> before </div>
ReformatMetrics.html:46:1 (ReformatMetrics.Rd:10): Warning: missing </ul> before </div>
Stringify.html:50:1 (Stringify.Rd:12): Warning: missing </ul> before </div>
TryingToSubmitNull.html:46:1 (TryingToSubmitNull.Rd:10): Warning: missing </ul> before </div>
UpdateModelingFeaturelist.html:55:1 (UpdateModelingFeaturelist.Rd:15): Warning: missing </ul> before </div>
ValidateCalendar.html:46:1 (ValidateCalendar.Rd:10): Warning: missing </ul> before </div>
ValidateModel.html:50:1 (ValidateModel.Rd:13): Warning: missing </ul> before </div>
ValidatePartition.html:58:1 (ValidatePartition.Rd:16): Warning: missing </ul> before </div>
ValidateProject.html:46:1 (ValidateProject.Rd:10): Warning: missing </ul> before </div>
tidyServiceOverTimeObject.html:68:1 (tidyServiceOverTimeObject.Rd:20): Warning: missing </ul> before </div>
Flavors: r-devel-linux-x86_64-debian-clang, r-devel-linux-x86_64-debian-gcc