CRAN Package Check Results for Package designer

Last updated on 2025-10-22 01:51:22 CEST.

Flavor Version Tinstall Tcheck Ttotal Status Flags
r-devel-linux-x86_64-debian-clang 0.3.0 5.25 44.19 49.44 NOTE
r-devel-linux-x86_64-debian-gcc 0.3.0 3.77 34.42 38.19 NOTE
r-devel-linux-x86_64-fedora-clang 0.3.0 15.00 62.76 77.76 NOTE
r-devel-linux-x86_64-fedora-gcc 0.3.0 12.00 73.74 85.74 NOTE
r-devel-windows-x86_64 0.3.0 7.00 60.00 67.00 NOTE
r-patched-linux-x86_64 0.3.0 4.84 41.65 46.49 NOTE
r-release-linux-x86_64 0.3.0 4.63 40.95 45.58 NOTE
r-release-macos-arm64 0.3.0 2.00 29.00 31.00 NOTE
r-release-macos-x86_64 0.3.0 5.00 54.00 59.00 NOTE
r-release-windows-x86_64 0.3.0 6.00 60.00 66.00 NOTE
r-oldrel-macos-arm64 0.3.0 2.00 33.00 35.00 OK
r-oldrel-macos-x86_64 0.3.0 4.00 50.00 54.00 OK
r-oldrel-windows-x86_64 0.3.0 9.00 72.00 81.00 OK

Check Details

Version: 0.3.0
Check: DESCRIPTION meta-information
Result: NOTE Missing dependency on R >= 4.1.0 because package code uses the pipe |> or function shorthand \(...) syntax added in R 4.1.0. File(s) using such syntax: ‘mod_template_srv.R’ Flavors: r-devel-linux-x86_64-debian-clang, r-devel-linux-x86_64-debian-gcc, r-devel-linux-x86_64-fedora-clang, r-devel-linux-x86_64-fedora-gcc, r-devel-windows-x86_64, r-patched-linux-x86_64, r-release-linux-x86_64, r-release-macos-arm64, r-release-macos-x86_64, r-release-windows-x86_64