Last updated on 2025-10-22 01:51:22 CEST.
Flavor | Version | Tinstall | Tcheck | Ttotal | Status | Flags |
---|---|---|---|---|---|---|
r-devel-linux-x86_64-debian-clang | 0.1.13 | 9.90 | 105.83 | 115.73 | NOTE | |
r-devel-linux-x86_64-debian-gcc | 0.1.13 | 8.05 | 76.77 | 84.82 | NOTE | |
r-devel-linux-x86_64-fedora-clang | 0.1.13 | 27.00 | 157.45 | 184.45 | OK | |
r-devel-linux-x86_64-fedora-gcc | 0.1.13 | 21.00 | 161.38 | 182.38 | OK | |
r-devel-windows-x86_64 | 0.1.13 | 14.00 | 108.00 | 122.00 | OK | |
r-patched-linux-x86_64 | 0.1.13 | 11.21 | 99.66 | 110.87 | OK | |
r-release-linux-x86_64 | 0.1.13 | 8.57 | 101.10 | 109.67 | OK | |
r-release-macos-arm64 | 0.1.13 | 5.00 | 61.00 | 66.00 | OK | |
r-release-macos-x86_64 | 0.1.13 | 9.00 | 100.00 | 109.00 | OK | |
r-release-windows-x86_64 | 0.1.13 | 13.00 | 109.00 | 122.00 | OK | |
r-oldrel-macos-arm64 | 0.1.13 | 5.00 | 57.00 | 62.00 | OK | |
r-oldrel-macos-x86_64 | 0.1.13 | 8.00 | 75.00 | 83.00 | OK | |
r-oldrel-windows-x86_64 | 0.1.13 | 17.00 | 137.00 | 154.00 | OK |
Version: 0.1.13
Check: HTML version of manual
Result: NOTE
Found the following HTML validation problems:
show.factorContainer.html:46:1 (show.factorContainer.Rd:10): Warning: missing </ul> before </div>
Flavors: r-devel-linux-x86_64-debian-clang, r-devel-linux-x86_64-debian-gcc