CRAN Package Check Results for Package diario

Last updated on 2025-05-08 01:51:00 CEST.

Flavor Version Tinstall Tcheck Ttotal Status Flags
r-devel-linux-x86_64-debian-clang 0.1.0 1.93 18.98 20.91 NOTE
r-devel-linux-x86_64-debian-gcc 0.1.0 1.52 15.36 16.88 NOTE
r-devel-linux-x86_64-fedora-clang 0.1.0 29.80 NOTE
r-devel-linux-x86_64-fedora-gcc 0.1.0 28.73 NOTE
r-devel-windows-x86_64 0.1.0 4.00 40.00 44.00 NOTE
r-patched-linux-x86_64 0.1.0 2.16 16.95 19.11 NOTE
r-release-linux-x86_64 0.1.0 1.83 17.05 18.88 NOTE
r-release-macos-arm64 0.1.0 17.00 NOTE
r-release-macos-x86_64 0.1.0 24.00 NOTE
r-release-windows-x86_64 0.1.0 5.00 43.00 48.00 NOTE
r-oldrel-macos-arm64 0.1.0 20.00 OK
r-oldrel-macos-x86_64 0.1.0 35.00 OK
r-oldrel-windows-x86_64 0.1.0 4.00 44.00 48.00 OK

Check Details

Version: 0.1.0
Check: DESCRIPTION meta-information
Result: NOTE Missing dependency on R >= 4.1.0 because package code uses the pipe |> or function shorthand \(...) syntax added in R 4.1.0. File(s) using such syntax: ‘diario.R’ Flavors: r-devel-linux-x86_64-debian-clang, r-devel-linux-x86_64-debian-gcc, r-devel-linux-x86_64-fedora-clang, r-devel-linux-x86_64-fedora-gcc, r-devel-windows-x86_64, r-patched-linux-x86_64, r-release-linux-x86_64, r-release-macos-arm64, r-release-macos-x86_64, r-release-windows-x86_64