Last updated on 2025-05-02 02:50:52 CEST.
Flavor | Version | Tinstall | Tcheck | Ttotal | Status | Flags |
---|---|---|---|---|---|---|
r-devel-linux-x86_64-debian-clang | 1.5.1-1 | 16.80 | 129.40 | 146.20 | NOTE | |
r-devel-linux-x86_64-debian-gcc | 1.5.1-1 | 13.92 | 90.26 | 104.18 | OK | |
r-devel-linux-x86_64-fedora-clang | 1.5.1-1 | 226.41 | OK | |||
r-devel-linux-x86_64-fedora-gcc | 1.5.1-1 | 204.06 | OK | |||
r-devel-windows-x86_64 | 1.5.1-1 | 18.00 | 134.00 | 152.00 | OK | |
r-patched-linux-x86_64 | 1.5.1-1 | 17.66 | 122.69 | 140.35 | OK | |
r-release-linux-x86_64 | OK | |||||
r-release-macos-arm64 | 1.5.1-1 | 59.00 | OK | |||
r-release-macos-x86_64 | 1.5.1-1 | 117.00 | OK | |||
r-release-windows-x86_64 | 1.5.1-1 | 20.00 | 144.00 | 164.00 | OK | |
r-oldrel-macos-arm64 | 1.5.1-1 | 58.00 | OK | |||
r-oldrel-macos-x86_64 | 1.5.1-1 | 108.00 | OK | |||
r-oldrel-windows-x86_64 | 1.5.1-1 | 23.00 | 164.00 | 187.00 | OK |
Version: 1.5.1-1
Check: examples
Result: NOTE
Examples with CPU (user + system) or elapsed time > 5s
user system elapsed
difORD 5.873 0.075 7.989
Flavor: r-devel-linux-x86_64-debian-clang