Last updated on 2025-10-24 01:50:25 CEST.
| Flavor | Version | Tinstall | Tcheck | Ttotal | Status | Flags |
|---|---|---|---|---|---|---|
| r-devel-linux-x86_64-debian-clang | 0.7.0 | 4.59 | 348.97 | 353.56 | NOTE | |
| r-devel-linux-x86_64-debian-gcc | 0.7.0 | 3.16 | 243.85 | 247.01 | NOTE | |
| r-devel-linux-x86_64-fedora-clang | 0.7.0 | 14.00 | 584.68 | 598.68 | OK | |
| r-devel-linux-x86_64-fedora-gcc | 0.7.0 | 11.00 | 576.22 | 587.22 | OK | |
| r-devel-windows-x86_64 | 0.7.0 | 7.00 | 383.00 | 390.00 | OK | |
| r-patched-linux-x86_64 | 0.7.0 | 5.80 | 347.89 | 353.69 | OK | |
| r-release-linux-x86_64 | 0.7.0 | 4.62 | 346.23 | 350.85 | OK | |
| r-release-macos-arm64 | 0.7.0 | 2.00 | 165.00 | 167.00 | OK | |
| r-release-macos-x86_64 | 0.7.0 | 4.00 | 357.00 | 361.00 | OK | |
| r-release-windows-x86_64 | 0.7.0 | 9.00 | 478.00 | 487.00 | OK | |
| r-oldrel-macos-arm64 | 0.7.0 | 2.00 | 156.00 | 158.00 | OK | |
| r-oldrel-macos-x86_64 | 0.7.0 | 3.00 | 302.00 | 305.00 | OK | |
| r-oldrel-windows-x86_64 | 0.7.0 | 9.00 | 501.00 | 510.00 | OK |
Version: 0.7.0
Check: CRAN incoming feasibility
Result: NOTE
Maintainer: ‘Merlin Unterfinger <info@munterfinger.ch>’
Package CITATION file contains call(s) to old-style citEntry(). Please
use bibentry() instead.
Flavors: r-devel-linux-x86_64-debian-clang, r-devel-linux-x86_64-debian-gcc