Last updated on 2025-10-23 02:49:53 CEST.
Flavor | Version | Tinstall | Tcheck | Ttotal | Status | Flags |
---|---|---|---|---|---|---|
r-devel-linux-x86_64-debian-clang | 1.2.1 | 5.75 | 72.04 | 77.79 | NOTE | |
r-devel-linux-x86_64-debian-gcc | 1.2.1 | 3.75 | 53.06 | 56.81 | OK | |
r-devel-linux-x86_64-fedora-clang | 1.2.1 | 16.00 | 101.96 | 117.96 | NOTE | |
r-devel-linux-x86_64-fedora-gcc | 1.2.1 | 12.00 | 114.09 | 126.09 | NOTE | |
r-devel-windows-x86_64 | 1.2.1 | 8.00 | 103.00 | 111.00 | OK | |
r-patched-linux-x86_64 | 1.2.1 | 5.99 | 67.27 | 73.26 | OK | |
r-release-linux-x86_64 | 1.2.1 | 5.63 | 67.19 | 72.82 | OK | |
r-release-macos-arm64 | 1.2.1 | 2.00 | 54.00 | 56.00 | OK | |
r-release-macos-x86_64 | 1.2.1 | 4.00 | 88.00 | 92.00 | OK | |
r-release-windows-x86_64 | 1.2.1 | 9.00 | 105.00 | 114.00 | OK | |
r-oldrel-macos-arm64 | 1.2.1 | 3.00 | 51.00 | 54.00 | OK | |
r-oldrel-macos-x86_64 | 1.2.1 | 4.00 | 82.00 | 86.00 | OK | |
r-oldrel-windows-x86_64 | 1.2.1 | 10.00 | 116.00 | 126.00 | OK |
Version: 1.2.1
Check: HTML version of manual
Result: NOTE
Found the following HTML validation problems:
check_for_cache_warnings.html:50:1 (check_for_cache_warnings.Rd:12): Warning: missing </ul> before </div>
parse_signal.html:50:1 (parse_signal.Rd:12): Warning: missing </ul> before </div>
Flavor: r-devel-linux-x86_64-debian-clang
Version: 1.2.1
Check: dependencies in R code
Result: NOTE
Namespace in Imports field not imported from: ‘readr’
All declared Imports should be used.
Flavors: r-devel-linux-x86_64-fedora-clang, r-devel-linux-x86_64-fedora-gcc