Last updated on 2025-05-01 01:49:30 CEST.
Flavor | Version | Tinstall | Tcheck | Ttotal | Status | Flags |
---|---|---|---|---|---|---|
r-devel-linux-x86_64-debian-clang | 0.3-4 | 31.72 | 299.67 | 331.39 | NOTE | |
r-devel-linux-x86_64-debian-gcc | 0.3-4 | 21.98 | 190.19 | 212.17 | NOTE | |
r-devel-linux-x86_64-fedora-clang | 0.3-4 | 527.20 | OK | |||
r-devel-linux-x86_64-fedora-gcc | 0.3-4 | 501.61 | OK | |||
r-devel-windows-x86_64 | 0.3-4 | 38.00 | 294.00 | 332.00 | NOTE | |
r-patched-linux-x86_64 | 0.3-4 | 29.55 | 289.03 | 318.58 | NOTE | |
r-release-linux-x86_64 | 0.3-4 | 29.21 | 290.55 | 319.76 | NOTE | |
r-release-macos-arm64 | 0.3-4 | 131.00 | OK | |||
r-release-macos-x86_64 | 0.3-4 | 263.00 | OK | |||
r-release-windows-x86_64 | 0.3-4 | 41.00 | 310.00 | 351.00 | NOTE | |
r-oldrel-macos-arm64 | 0.3-4 | 106.00 | OK | |||
r-oldrel-macos-x86_64 | 0.3-4 | 204.00 | OK | |||
r-oldrel-windows-x86_64 | 0.3-4 | 45.00 | 415.00 | 460.00 | OK |
Version: 0.3-4
Check: Rd cross-references
Result: NOTE
Found the following Rd file(s) with Rd \link{} targets missing package
anchors:
MantelCor.Rd: mantel
MantelModTest.Rd: mantel
Please provide package anchors for all Rd \link{} targets not in the
package itself and the base packages.
Flavors: r-devel-linux-x86_64-debian-clang, r-devel-linux-x86_64-debian-gcc, r-devel-windows-x86_64, r-patched-linux-x86_64, r-release-linux-x86_64, r-release-windows-x86_64