CRAN Package Check Results for Package evprof

Last updated on 2025-05-01 01:49:30 CEST.

Flavor Version Tinstall Tcheck Ttotal Status Flags
r-devel-linux-x86_64-debian-clang 1.1.2 10.73 146.85 157.58 NOTE
r-devel-linux-x86_64-debian-gcc 1.1.2 7.52 102.31 109.83 OK
r-devel-linux-x86_64-fedora-clang 1.1.2 232.05 OK
r-devel-linux-x86_64-fedora-gcc 1.1.2 233.87 OK
r-devel-windows-x86_64 1.1.2 12.00 168.00 180.00 OK
r-patched-linux-x86_64 1.1.2 9.96 133.04 143.00 OK
r-release-linux-x86_64 1.1.2 10.33 134.69 145.02 OK
r-release-macos-arm64 1.1.2 71.00 OK
r-release-macos-x86_64 1.1.2 163.00 OK
r-release-windows-x86_64 1.1.2 13.00 171.00 184.00 OK
r-oldrel-macos-arm64 1.1.2 73.00 OK
r-oldrel-macos-x86_64 1.1.2 116.00 OK
r-oldrel-windows-x86_64 1.1.2 15.00 198.00 213.00 OK

Check Details

Version: 1.1.2
Check: examples
Result: NOTE Examples with CPU (user + system) or elapsed time > 5s user system elapsed define_clusters 3.921 0.064 5.618 cluster_sessions 3.874 0.089 5.198 Flavor: r-devel-linux-x86_64-debian-clang