Last updated on 2025-04-30 01:50:19 CEST.
Flavor | Version | Tinstall | Tcheck | Ttotal | Status | Flags |
---|---|---|---|---|---|---|
r-devel-linux-x86_64-debian-clang | 1.10.0 | 236.80 | 77.26 | 314.06 | NOTE | |
r-devel-linux-x86_64-debian-gcc | 1.10.0 | 184.54 | 52.67 | 237.21 | NOTE | |
r-devel-linux-x86_64-fedora-clang | 1.10.0 | 643.46 | OK | |||
r-devel-linux-x86_64-fedora-gcc | 1.10.0 | 643.51 | OK | |||
r-devel-windows-x86_64 | 1.10.0 | 277.00 | 133.00 | 410.00 | OK | |
r-patched-linux-x86_64 | 1.10.0 | 255.55 | 74.66 | 330.21 | OK | |
r-release-linux-x86_64 | 1.10.0 | 249.29 | 74.09 | 323.38 | OK | |
r-release-macos-arm64 | 1.10.0 | 127.00 | OK | |||
r-release-macos-x86_64 | 1.10.0 | 147.00 | OK | |||
r-release-windows-x86_64 | 1.10.0 | 276.00 | 132.00 | 408.00 | OK | |
r-oldrel-macos-arm64 | 1.10.0 | 130.00 | NOTE | |||
r-oldrel-macos-x86_64 | 1.10.0 | 133.00 | NOTE | |||
r-oldrel-windows-x86_64 | 1.10.0 | 325.00 | 162.00 | 487.00 | OK |
Version: 1.10.0
Check: CRAN incoming feasibility
Result: NOTE
Maintainer: ‘Tymoteusz Wolodzko <twolodzko+extraDistr@gmail.com>’
No Authors@R field in DESCRIPTION.
Please add one, modifying
Authors@R: person(given = "Tymoteusz",
family = "Wolodzko",
role = c("aut", "cre"),
email = "twolodzko+extradistr@gmail.com")
as necessary.
Flavors: r-devel-linux-x86_64-debian-clang, r-devel-linux-x86_64-debian-gcc
Version: 1.10.0
Check: installed package size
Result: NOTE
installed size is 13.6Mb
sub-directories of 1Mb or more:
libs 13.0Mb
Flavors: r-oldrel-macos-arm64, r-oldrel-macos-x86_64