Last updated on 2025-10-25 01:50:58 CEST.
| Flavor | Version | Tinstall | Tcheck | Ttotal | Status | Flags |
|---|---|---|---|---|---|---|
| r-devel-linux-x86_64-debian-clang | 1.3.0 | 6.67 | 81.13 | 87.80 | OK | |
| r-devel-linux-x86_64-debian-gcc | 1.3.0 | 4.57 | 58.81 | 63.38 | OK | |
| r-devel-linux-x86_64-fedora-clang | 1.3.0 | 21.00 | 116.60 | 137.60 | OK | |
| r-devel-linux-x86_64-fedora-gcc | 1.3.0 | 18.00 | 122.77 | 140.77 | OK | |
| r-devel-windows-x86_64 | 1.3.0 | 8.00 | 95.00 | 103.00 | OK | |
| r-patched-linux-x86_64 | 1.3.0 | 7.47 | 75.52 | 82.99 | OK | |
| r-release-linux-x86_64 | 1.3.0 | 6.04 | 74.86 | 80.90 | OK | |
| r-release-macos-arm64 | 1.3.0 | 3.00 | 39.00 | 42.00 | OK | |
| r-release-macos-x86_64 | 1.3.0 | 17.00 | 153.00 | 170.00 | OK | |
| r-release-windows-x86_64 | 1.3.0 | 10.00 | 95.00 | 105.00 | OK | |
| r-oldrel-macos-arm64 | 1.2.1 | 3.00 | 42.00 | 45.00 | NOTE | |
| r-oldrel-macos-x86_64 | 1.2.1 | 5.00 | 67.00 | 72.00 | NOTE | |
| r-oldrel-windows-x86_64 | 1.2.1 | 12.00 | 119.00 | 131.00 | NOTE |
Version: 1.2.1
Check: package subdirectories
Result: NOTE
Problems with news in ‘NEWS.md’:
Cannot extract version info from the following section titles:
Functions and objects (details)
Flavors: r-oldrel-macos-arm64, r-oldrel-macos-x86_64, r-oldrel-windows-x86_64
Version: 1.2.1
Check: Rd files
Result: NOTE
checkRd: (-1) va.Rd:80: Lost braces
80 | \doi{10.1016/s0002-9394(02)01825-1}{Beck et al.}, and
| ^
Flavors: r-oldrel-macos-arm64, r-oldrel-macos-x86_64, r-oldrel-windows-x86_64