CRAN Package Check Results for Package fabletools

Last updated on 2025-04-30 01:50:19 CEST.

Flavor Version Tinstall Tcheck Ttotal Status Flags
r-devel-linux-x86_64-debian-clang 0.5.0 15.29 197.40 212.69 NOTE
r-devel-linux-x86_64-debian-gcc 0.5.0 11.94 127.39 139.33 NOTE
r-devel-linux-x86_64-fedora-clang 0.5.0 350.63 OK
r-devel-linux-x86_64-fedora-gcc 0.5.0 347.34 OK
r-devel-windows-x86_64 0.5.0 16.00 186.00 202.00 OK
r-patched-linux-x86_64 0.5.0 18.56 181.59 200.15 OK
r-release-linux-x86_64 0.5.0 15.76 182.53 198.29 OK
r-release-macos-arm64 0.5.0 94.00 OK
r-release-macos-x86_64 0.5.0 246.00 OK
r-release-windows-x86_64 0.5.0 18.00 199.00 217.00 OK
r-oldrel-macos-arm64 0.5.0 80.00 OK
r-oldrel-macos-x86_64 0.5.0 175.00 OK
r-oldrel-windows-x86_64 0.5.0 22.00 246.00 268.00 OK

Check Details

Version: 0.5.0
Check: examples
Result: NOTE Examples with CPU (user + system) or elapsed time > 5s user system elapsed accuracy 8.336 0.103 9.549 forecast 8.002 0.079 9.123 Flavor: r-devel-linux-x86_64-debian-clang

Version: 0.5.0
Check: examples
Result: NOTE Examples with CPU (user + system) or elapsed time > 5s user system elapsed forecast 4.793 0.063 6.144 accuracy 4.605 0.073 5.449 Flavor: r-devel-linux-x86_64-debian-gcc