Last updated on 2025-05-01 01:49:30 CEST.
Flavor | Version | Tinstall | Tcheck | Ttotal | Status | Flags |
---|---|---|---|---|---|---|
r-devel-linux-x86_64-debian-clang | 1.0.7 | 2.15 | 179.66 | 181.81 | NOTE | |
r-devel-linux-x86_64-debian-gcc | 1.0.7 | 1.46 | 115.58 | 117.04 | OK | |
r-devel-linux-x86_64-fedora-clang | 1.0.7 | 288.86 | OK | |||
r-devel-linux-x86_64-fedora-gcc | 1.0.7 | 297.62 | OK | |||
r-devel-windows-x86_64 | 1.0.7 | 4.00 | 210.00 | 214.00 | OK | |
r-patched-linux-x86_64 | 1.0.7 | 2.31 | 170.71 | 173.02 | OK | |
r-release-linux-x86_64 | 1.0.7 | 2.13 | 170.96 | 173.09 | OK | |
r-release-macos-arm64 | 1.0.7 | 97.00 | OK | |||
r-release-macos-x86_64 | 1.0.7 | 190.00 | OK | |||
r-release-windows-x86_64 | 1.0.7 | 5.00 | 211.00 | 216.00 | OK | |
r-oldrel-macos-arm64 | 1.0.7 | 91.00 | OK | |||
r-oldrel-macos-x86_64 | 1.0.7 | 203.00 | OK | |||
r-oldrel-windows-x86_64 | 1.0.7 | 4.00 | 262.00 | 266.00 | OK |
Version: 1.0.7
Check: examples
Result: NOTE
Examples with CPU (user + system) or elapsed time > 5s
user system elapsed
center.test 5.189 0.17 7.588
Flavor: r-devel-linux-x86_64-debian-clang