CRAN Package Check Results for Package first

Last updated on 2025-04-30 02:50:38 CEST.

Flavor Version Tinstall Tcheck Ttotal Status Flags
r-devel-linux-x86_64-debian-clang 1.1 2.51 25.19 27.70 NOTE
r-devel-linux-x86_64-debian-gcc 1.1 1.89 19.95 21.84 NOTE
r-devel-linux-x86_64-fedora-clang 1.1 45.13 OK
r-devel-linux-x86_64-fedora-gcc 1.1 41.46 OK
r-devel-windows-x86_64 1.1 4.00 55.00 59.00 OK
r-patched-linux-x86_64 1.1 2.21 23.82 26.03 OK
r-release-linux-x86_64 1.1 1.99 24.02 26.01 OK
r-release-macos-arm64 1.1 20.00 OK
r-release-macos-x86_64 1.1 32.00 OK
r-release-windows-x86_64 1.1 4.00 47.00 51.00 OK
r-oldrel-macos-arm64 1.1 17.00 OK
r-oldrel-macos-x86_64 1.1 28.00 OK
r-oldrel-windows-x86_64 1.1 4.00 45.00 49.00 OK

Check Details

Version: 1.1
Check: CRAN incoming feasibility
Result: NOTE Maintainer: ‘Chaofan Huang <chaofan.huang@gatech.edu>’ The Description field contains (2024) <arXiv:2401.00800>. This research is supported by U.S. National Please refer to arXiv e-prints via their arXiv DOI <doi:10.48550/arXiv.YYMM.NNNNN>. Flavors: r-devel-linux-x86_64-debian-clang, r-devel-linux-x86_64-debian-gcc