Last updated on 2025-05-01 01:49:31 CEST.
Flavor | Version | Tinstall | Tcheck | Ttotal | Status | Flags |
---|---|---|---|---|---|---|
r-devel-linux-x86_64-debian-clang | 1.0.0 | 1.61 | 18.84 | 20.45 | NOTE | |
r-devel-linux-x86_64-debian-gcc | 1.0.0 | 1.36 | 15.62 | 16.98 | NOTE | |
r-devel-linux-x86_64-fedora-clang | 1.0.0 | 31.36 | OK | |||
r-devel-linux-x86_64-fedora-gcc | 1.0.0 | 31.71 | OK | |||
r-devel-windows-x86_64 | 1.0.0 | 2.00 | 43.00 | 45.00 | OK | |
r-patched-linux-x86_64 | 1.0.0 | 1.84 | 18.44 | 20.28 | OK | |
r-release-linux-x86_64 | 1.0.0 | 1.60 | 18.12 | 19.72 | OK | |
r-release-macos-arm64 | 1.0.0 | 17.00 | OK | |||
r-release-macos-x86_64 | 1.0.0 | 26.00 | OK | |||
r-release-windows-x86_64 | 1.0.0 | 2.00 | 45.00 | 47.00 | OK | |
r-oldrel-macos-arm64 | 1.0.0 | 15.00 | OK | |||
r-oldrel-macos-x86_64 | 1.0.0 | 21.00 | OK | |||
r-oldrel-windows-x86_64 | 1.0.0 | 3.00 | 43.00 | 46.00 | OK |
Version: 1.0.0
Check: CRAN incoming feasibility
Result: NOTE
Maintainer: ‘Leo N. Geppert <geppert@statistik.uni-dortmund.de>’
No Authors@R field in DESCRIPTION.
Please add one, modifying
Authors@R: c(person(given = c("Leo", "N."),
family = "Geppert",
role = c("aut", "cre"),
email = "geppert@statistik.uni-dortmund.de"),
person(given = "Peter",
family = "Gnändinger",
role = "ctb"),
person(given = "Katja",
family = "Ickstadt",
role = "ctb"),
person(given = "Björn",
family = "Bornkamp",
role = "ctb"),
person(given = "Arno",
family = "Fritsch",
role = "ctb"),
person(given = "Oliver",
family = "Kuß",
role = "ctb"))
as necessary.
Flavors: r-devel-linux-x86_64-debian-clang, r-devel-linux-x86_64-debian-gcc