Last updated on 2025-05-02 02:50:55 CEST.
Flavor | Version | Tinstall | Tcheck | Ttotal | Status | Flags |
---|---|---|---|---|---|---|
r-devel-linux-x86_64-debian-clang | 0.5.1 | 7.99 | 518.25 | 526.24 | NOTE | |
r-devel-linux-x86_64-debian-gcc | 0.5.1 | 6.17 | 194.78 | 200.95 | OK | |
r-devel-linux-x86_64-fedora-clang | 0.5.1 | 855.13 | OK | |||
r-devel-linux-x86_64-fedora-gcc | 0.5.1 | 671.06 | OK | |||
r-devel-windows-x86_64 | 0.5.1 | 10.00 | 444.00 | 454.00 | OK | |
r-patched-linux-x86_64 | 0.5.1 | 8.13 | 576.49 | 584.62 | OK | |
r-release-linux-x86_64 | OK | |||||
r-release-macos-arm64 | 0.5.1 | 163.00 | OK | |||
r-release-macos-x86_64 | 0.5.1 | 275.00 | OK | |||
r-release-windows-x86_64 | 0.5.1 | 10.00 | 441.00 | 451.00 | OK | |
r-oldrel-macos-arm64 | 0.5.1 | 194.00 | OK | |||
r-oldrel-macos-x86_64 | 0.5.1 | 403.00 | OK | |||
r-oldrel-windows-x86_64 | 0.5.1 | 9.00 | 399.00 | 408.00 | OK |
Version: 0.5.1
Check: examples
Result: NOTE
Examples with CPU (user + system) or elapsed time > 5s
user system elapsed
rean_cna 4.156 0.526 6.699
plot_submodel_network 3.639 0.254 5.253
Flavor: r-devel-linux-x86_64-debian-clang