CRAN Package Check Results for Package geosed

Last updated on 2025-10-25 01:51:01 CEST.

Flavor Version Tinstall Tcheck Ttotal Status Flags
r-devel-linux-x86_64-debian-clang 0.1.1 2.10 32.77 34.87 NOTE
r-devel-linux-x86_64-debian-gcc 0.1.1 1.55 24.98 26.53 NOTE
r-devel-linux-x86_64-fedora-clang 0.1.1 54.41 OK
r-devel-linux-x86_64-fedora-gcc 0.1.1 49.56 OK
r-devel-windows-x86_64 0.1.1 3.00 50.00 53.00 OK
r-patched-linux-x86_64 0.1.1 2.21 30.65 32.86 OK
r-release-linux-x86_64 0.1.1 2.03 30.79 32.82 OK
r-release-macos-arm64 0.1.1 1.00 19.00 20.00 OK
r-release-macos-x86_64 0.1.1 2.00 33.00 35.00 OK
r-release-windows-x86_64 0.1.1 3.00 51.00 54.00 OK
r-oldrel-macos-arm64 0.1.1 1.00 16.00 17.00 NOTE
r-oldrel-macos-x86_64 0.1.1 2.00 28.00 30.00 NOTE
r-oldrel-windows-x86_64 0.1.1 3.00 59.00 62.00 NOTE

Check Details

Version: 0.1.1
Check: CRAN incoming feasibility
Result: NOTE Maintainer: ‘Shant Sukljian <asshtnt@gmail.com>’ No Authors@R field in DESCRIPTION. Please add one, modifying Authors@R: person(given = "Shant", family = "Sukljian", role = c("aut", "cre"), email = "asshtnt@gmail.com") as necessary. Flavors: r-devel-linux-x86_64-debian-clang, r-devel-linux-x86_64-debian-gcc

Version: 0.1.1
Check: LazyData
Result: NOTE 'LazyData' is specified without a 'data' directory Flavors: r-oldrel-macos-arm64, r-oldrel-macos-x86_64, r-oldrel-windows-x86_64