Last updated on 2025-10-24 01:50:27 CEST.
| Flavor | Version | Tinstall | Tcheck | Ttotal | Status | Flags |
|---|---|---|---|---|---|---|
| r-devel-linux-x86_64-debian-clang | 0.11.0 | 5.16 | 57.89 | 63.05 | NOTE | |
| r-devel-linux-x86_64-debian-gcc | 0.11.0 | 3.43 | 44.19 | 47.62 | NOTE | |
| r-devel-linux-x86_64-fedora-clang | 0.11.0 | 13.00 | 77.98 | 90.98 | NOTE | |
| r-devel-linux-x86_64-fedora-gcc | 0.11.0 | 101.30 | NOTE | |||
| r-devel-windows-x86_64 | 0.11.0 | 7.00 | 75.00 | 82.00 | OK | |
| r-patched-linux-x86_64 | 0.11.0 | 4.72 | 55.54 | 60.26 | NOTE | |
| r-release-linux-x86_64 | 0.11.0 | 3.91 | 55.40 | 59.31 | NOTE | |
| r-release-macos-arm64 | 0.11.0 | 3.00 | 38.00 | 41.00 | OK | |
| r-release-macos-x86_64 | 0.11.0 | 4.00 | 65.00 | 69.00 | OK | |
| r-release-windows-x86_64 | 0.11.0 | 7.00 | 76.00 | 83.00 | OK | |
| r-oldrel-macos-arm64 | 0.11.0 | 3.00 | 44.00 | 47.00 | OK | |
| r-oldrel-macos-x86_64 | 0.11.0 | 4.00 | 77.00 | 81.00 | OK | |
| r-oldrel-windows-x86_64 | 0.11.0 | 9.00 | 93.00 | 102.00 | OK |
Version: 0.11.0
Check: R code for possible problems
Result: NOTE
Found the following assignments to the global environment:
File ‘ggExtra/R/ggMarginalGadget.R’:
assign(plotname, eval(parse(text = origPlot)), envir = .GlobalEnv)
Flavors: r-devel-linux-x86_64-debian-clang, r-devel-linux-x86_64-debian-gcc, r-devel-linux-x86_64-fedora-clang, r-patched-linux-x86_64, r-release-linux-x86_64
Version: 0.11.0
Check: dependencies in R code
Result: NOTE
Namespaces in Imports field not imported from:
‘R6’ ‘scales’ ‘utils’
All declared Imports should be used.
Flavors: r-devel-linux-x86_64-fedora-clang, r-devel-linux-x86_64-fedora-gcc