Last updated on 2025-10-22 01:51:26 CEST.
Flavor | Version | Tinstall | Tcheck | Ttotal | Status | Flags |
---|---|---|---|---|---|---|
r-devel-linux-x86_64-debian-clang | 0.2.13 | 11.51 | 205.44 | 216.95 | NOTE | |
r-devel-linux-x86_64-debian-gcc | 0.2.13 | 7.57 | 141.30 | 148.87 | NOTE | |
r-devel-linux-x86_64-fedora-clang | 0.2.13 | 30.00 | 293.62 | 323.62 | OK | |
r-devel-linux-x86_64-fedora-gcc | 0.2.13 | 22.00 | 286.25 | 308.25 | OK | |
r-devel-windows-x86_64 | 0.2.13 | 12.00 | 190.00 | 202.00 | OK | |
r-patched-linux-x86_64 | 0.2.13 | 10.84 | 193.56 | 204.40 | OK | |
r-release-linux-x86_64 | 0.2.13 | 8.49 | 191.02 | 199.51 | OK | |
r-release-macos-arm64 | 0.2.13 | 4.00 | 101.00 | 105.00 | OK | |
r-release-macos-x86_64 | 0.2.13 | 9.00 | 219.00 | 228.00 | OK | |
r-release-windows-x86_64 | 0.2.13 | 12.00 | 190.00 | 202.00 | OK | |
r-oldrel-macos-arm64 | 0.2.13 | 5.00 | 76.00 | 81.00 | OK | |
r-oldrel-macos-x86_64 | 0.2.13 | 13.00 | 229.00 | 242.00 | OK | |
r-oldrel-windows-x86_64 | 0.2.13 | 17.00 | 261.00 | 278.00 | OK |
Version: 0.2.13
Check: HTML version of manual
Result: NOTE
Found the following HTML validation problems:
as.data.frame.tidy_dagitty.html:63:1 (as.data.frame.tidy_dagitty.Rd:20): Warning: missing </ul> before </div>
as.tbl.tidy_daggity.html:66:1 (as.tbl.tidy_daggity.Rd:23): Warning: missing </ul> before </div>
expand_plot.html:54:1 (expand_plot.Rd:16): Warning: missing </ul> before </div>
fortify.html:58:1 (fortify.Rd:18): Warning: missing </ul> before </div>
ggplot.tidy_dagitty.html:61:1 (ggplot.tidy_dagitty.Rd:20): Warning: missing </ul> before </div>
is.tidy_dagitty.html:46:1 (is.tidy_dagitty.Rd:10): Warning: missing </ul> before </div>
print.tidy_dagitty.html:51:1 (print.tidy_dagitty.Rd:12): Warning: missing </ul> before </div>
scale_adjusted.html:70:1 (scale_adjusted.Rd:19): Warning: missing </ul> before </div>
tbl_df.tidy_daggity.html:46:1 (tbl_df.tidy_daggity.Rd:10): Warning: missing </ul> before </div>
Flavors: r-devel-linux-x86_64-debian-clang, r-devel-linux-x86_64-debian-gcc